Last updated on 2024-08-18 04:48:13 CEST.
Flavor | Version | Tinstall | Tcheck | Ttotal | Status | Flags |
---|---|---|---|---|---|---|
r-devel-linux-x86_64-debian-clang | 0.1.0 | 4.40 | 42.94 | 47.34 | OK | |
r-devel-linux-x86_64-debian-gcc | 0.1.0 | 3.78 | 31.59 | 35.37 | OK | |
r-devel-linux-x86_64-fedora-clang | 0.1.0 | 76.65 | NOTE | |||
r-devel-linux-x86_64-fedora-gcc | 0.1.0 | 71.51 | NOTE | |||
r-devel-windows-x86_64 | 0.1.0 | 8.00 | 59.00 | 67.00 | OK | |
r-patched-linux-x86_64 | 0.1.0 | 4.21 | 41.69 | 45.90 | OK | |
r-release-linux-x86_64 | 0.1.0 | 4.68 | 40.82 | 45.50 | OK | |
r-release-macos-arm64 | 0.1.0 | 26.00 | OK | |||
r-release-macos-x86_64 | 0.1.0 | 48.00 | OK | |||
r-release-windows-x86_64 | 0.1.0 | 8.00 | 70.00 | 78.00 | OK | |
r-oldrel-macos-arm64 | 0.1.0 | 29.00 | OK | |||
r-oldrel-macos-x86_64 | 0.1.0 | 39.00 | OK | |||
r-oldrel-windows-x86_64 | 0.1.0 | 8.00 | 68.00 | 76.00 | OK |
Version: 0.1.0
Check: dependencies in R code
Result: NOTE
Namespace in Imports field not imported from: ‘dplyr’
All declared Imports should be used.
Flavors: r-devel-linux-x86_64-fedora-clang, r-devel-linux-x86_64-fedora-gcc