Last updated on 2024-08-17 05:49:24 CEST.
Flavor | Version | Tinstall | Tcheck | Ttotal | Status | Flags |
---|---|---|---|---|---|---|
r-devel-linux-x86_64-debian-clang | 1.0.0 | 9.43 | 107.37 | 116.80 | NOTE | |
r-devel-linux-x86_64-debian-gcc | 1.0.0 | 7.07 | 75.16 | 82.23 | NOTE | |
r-devel-linux-x86_64-fedora-clang | 1.0.0 | 187.64 | NOTE | |||
r-devel-linux-x86_64-fedora-gcc | 1.0.0 | 188.74 | NOTE | |||
r-devel-windows-x86_64 | 1.0.0 | 12.00 | 114.00 | 126.00 | NOTE | |
r-patched-linux-x86_64 | 1.0.0 | 9.75 | 100.66 | 110.41 | NOTE | |
r-release-linux-x86_64 | 1.0.0 | 7.92 | 99.98 | 107.90 | NOTE | |
r-release-macos-arm64 | 1.0.0 | 58.00 | NOTE | |||
r-release-macos-x86_64 | 1.0.0 | 87.00 | NOTE | |||
r-release-windows-x86_64 | 1.0.0 | 12.00 | 297.00 | 309.00 | NOTE | |
r-oldrel-macos-arm64 | 1.0.0 | 67.00 | NOTE | |||
r-oldrel-macos-x86_64 | 1.0.0 | 98.00 | NOTE | |||
r-oldrel-windows-x86_64 | 1.0.0 | 15.00 | 136.00 | 151.00 | NOTE |
Version: 1.0.0
Check: LazyData
Result: NOTE
'LazyData' is specified without a 'data' directory
Flavors: r-devel-linux-x86_64-debian-clang, r-devel-linux-x86_64-debian-gcc, r-devel-linux-x86_64-fedora-clang, r-devel-linux-x86_64-fedora-gcc, r-devel-windows-x86_64, r-patched-linux-x86_64, r-release-linux-x86_64, r-release-macos-arm64, r-release-macos-x86_64, r-release-windows-x86_64, r-oldrel-macos-arm64, r-oldrel-macos-x86_64, r-oldrel-windows-x86_64
Version: 1.0.0
Check: dependencies in R code
Result: NOTE
Namespace in Imports field not imported from: ‘reshape2’
All declared Imports should be used.
Flavors: r-devel-linux-x86_64-fedora-clang, r-devel-linux-x86_64-fedora-gcc