CRAN Package Check Results for Package gpairs

Last updated on 2025-02-10 03:49:19 CET.

Flavor Version Tinstall Tcheck Ttotal Status Flags
r-devel-linux-x86_64-debian-clang 1.3.3 2.64 28.97 31.61 NOTE
r-devel-linux-x86_64-debian-gcc 1.3.3 2.13 23.25 25.38 NOTE
r-devel-linux-x86_64-fedora-clang 1.3.3 51.95 OK
r-devel-linux-x86_64-fedora-gcc 1.3.3 49.46 OK
r-devel-windows-x86_64 1.3.3 5.00 49.00 54.00 NOTE
r-patched-linux-x86_64 1.3.3 4.97 28.26 33.23 OK
r-release-linux-x86_64 1.3.3 2.68 27.66 30.34 OK
r-release-macos-arm64 1.3.3 18.00 OK
r-release-macos-x86_64 1.3.3 34.00 OK
r-release-windows-x86_64 1.3.3 6.00 51.00 57.00 OK
r-oldrel-macos-arm64 1.3.3 20.00 OK
r-oldrel-macos-x86_64 1.3.3 30.00 OK
r-oldrel-windows-x86_64 1.3.3 5.00 54.00 59.00 OK

Check Details

Version: 1.3.3
Check: Rd cross-references
Result: NOTE Found the following Rd file(s) with Rd \link{} targets missing package anchors: gpairs.Rd: splom, bwplot, barcode Please provide package anchors for all Rd \link{} targets not in the package itself and the base packages. Flavors: r-devel-linux-x86_64-debian-clang, r-devel-linux-x86_64-debian-gcc, r-devel-windows-x86_64