Last updated on 2024-08-17 05:49:23 CEST.
Flavor | Version | Tinstall | Tcheck | Ttotal | Status | Flags |
---|---|---|---|---|---|---|
r-devel-linux-x86_64-debian-clang | 2.7.8 | 7.48 | 71.58 | 79.06 | NOTE | |
r-devel-linux-x86_64-debian-gcc | 2.7.8 | 4.82 | 49.20 | 54.02 | NOTE | |
r-devel-linux-x86_64-fedora-clang | 2.7.8 | 122.76 | NOTE | |||
r-devel-linux-x86_64-fedora-gcc | 2.7.8 | 135.39 | NOTE | |||
r-devel-windows-x86_64 | 2.7.8 | 12.00 | 98.00 | 110.00 | NOTE | |
r-patched-linux-x86_64 | 2.7.8 | 9.67 | 66.78 | 76.45 | NOTE | |
r-release-linux-x86_64 | 2.7.8 | 6.92 | 67.49 | 74.41 | NOTE | |
r-release-macos-arm64 | 2.7.8 | 54.00 | NOTE | |||
r-release-macos-x86_64 | 2.7.8 | 82.00 | NOTE | |||
r-release-windows-x86_64 | 2.7.8 | 13.00 | 95.00 | 108.00 | NOTE | |
r-oldrel-macos-arm64 | 2.7.8 | 54.00 | OK | |||
r-oldrel-macos-x86_64 | 2.7.8 | 96.00 | OK | |||
r-oldrel-windows-x86_64 | 2.7.8 | 13.00 | 108.00 | 121.00 | OK |
Version: 2.7.8
Check: Rd files
Result: NOTE
checkRd: (-1) google_find_place.Rd:67: Lost braces in \itemize; meant \describe ?
checkRd: (-1) google_find_place.Rd:68: Lost braces in \itemize; meant \describe ?
checkRd: (-1) google_find_place.Rd:69: Lost braces in \itemize; meant \describe ?
checkRd: (-1) google_map.Rd:54: Lost braces; missing escapes or markup?
54 | of `{sf}` objects).}
| ^
Flavors: r-devel-linux-x86_64-debian-clang, r-devel-linux-x86_64-debian-gcc, r-devel-linux-x86_64-fedora-clang, r-devel-linux-x86_64-fedora-gcc, r-devel-windows-x86_64, r-patched-linux-x86_64, r-release-linux-x86_64, r-release-macos-arm64, r-release-macos-x86_64, r-release-windows-x86_64