Last updated on 2024-08-17 05:49:23 CEST.
Flavor | Version | Tinstall | Tcheck | Ttotal | Status | Flags |
---|---|---|---|---|---|---|
r-devel-linux-x86_64-debian-clang | 1.0 | 24.91 | 63.01 | 87.92 | OK | |
r-devel-linux-x86_64-debian-gcc | 1.0 | 16.70 | 43.33 | 60.03 | OK | |
r-devel-linux-x86_64-fedora-clang | 1.0 | 144.18 | OK | |||
r-devel-linux-x86_64-fedora-gcc | 1.0 | 138.05 | OK | |||
r-devel-windows-x86_64 | 1.0 | 29.00 | 101.00 | 130.00 | OK | |
r-patched-linux-x86_64 | 1.0 | 23.40 | 58.95 | 82.35 | OK | |
r-release-linux-x86_64 | 1.0 | 23.34 | 59.39 | 82.73 | OK | |
r-release-macos-arm64 | 1.0 | 43.00 | NOTE | |||
r-release-macos-x86_64 | 1.0 | 64.00 | NOTE | |||
r-release-windows-x86_64 | 1.0 | 26.00 | 111.00 | 137.00 | OK | |
r-oldrel-macos-arm64 | 1.0 | 48.00 | NOTE | |||
r-oldrel-macos-x86_64 | 1.0 | 82.00 | NOTE | |||
r-oldrel-windows-x86_64 | 1.0 | 34.00 | 120.00 | 154.00 | OK |
Version: 1.0
Check: installed package size
Result: NOTE
installed size is 5.6Mb
sub-directories of 1Mb or more:
data 4.2Mb
Flavors: r-release-macos-arm64, r-release-macos-x86_64, r-oldrel-macos-arm64, r-oldrel-macos-x86_64