Last updated on 2025-02-10 03:49:18 CET.
Flavor | Version | Tinstall | Tcheck | Ttotal | Status | Flags |
---|---|---|---|---|---|---|
r-devel-linux-x86_64-debian-clang | 1.0.1 | 1.86 | 41.49 | 43.35 | OK | |
r-devel-linux-x86_64-debian-gcc | 1.0.1 | 1.64 | 29.08 | 30.72 | OK | |
r-devel-linux-x86_64-fedora-clang | 1.0.1 | 69.49 | OK | |||
r-devel-linux-x86_64-fedora-gcc | 1.0.1 | 82.06 | OK | |||
r-devel-windows-x86_64 | 1.0.1 | 3.00 | 69.00 | 72.00 | OK | |
r-patched-linux-x86_64 | 1.0.1 | 2.27 | 38.55 | 40.82 | NOTE | |
r-release-linux-x86_64 | 1.0.1 | 1.92 | 38.31 | 40.23 | NOTE | |
r-release-macos-arm64 | 1.0.1 | 28.00 | NOTE | |||
r-release-macos-x86_64 | 1.0.1 | 54.00 | NOTE | |||
r-release-windows-x86_64 | 1.0.1 | 4.00 | 69.00 | 73.00 | NOTE | |
r-oldrel-macos-arm64 | 1.0.1 | 29.00 | NOTE | |||
r-oldrel-macos-x86_64 | 1.0.1 | 46.00 | NOTE | |||
r-oldrel-windows-x86_64 | 1.0.1 | 3.00 | 67.00 | 70.00 | NOTE |
Version: 1.0.1
Check: LazyData
Result: NOTE
'LazyData' is specified without a 'data' directory
Flavors: r-patched-linux-x86_64, r-release-linux-x86_64, r-release-macos-arm64, r-release-macos-x86_64, r-release-windows-x86_64, r-oldrel-macos-arm64, r-oldrel-macos-x86_64, r-oldrel-windows-x86_64