Last updated on 2024-08-17 05:49:23 CEST.
Flavor | Version | Tinstall | Tcheck | Ttotal | Status | Flags |
---|---|---|---|---|---|---|
r-devel-linux-x86_64-debian-clang | 0.0.112 | 8.09 | 55.81 | 63.90 | OK | |
r-devel-linux-x86_64-debian-gcc | 0.0.112 | 7.22 | 37.55 | 44.77 | OK | |
r-devel-linux-x86_64-fedora-clang | 0.0.112 | 104.46 | NOTE | |||
r-devel-linux-x86_64-fedora-gcc | 0.0.112 | 98.79 | NOTE | |||
r-devel-windows-x86_64 | 0.0.112 | 13.00 | 72.00 | 85.00 | OK | |
r-patched-linux-x86_64 | 0.0.112 | 10.55 | 51.26 | 61.81 | OK | |
r-release-linux-x86_64 | 0.0.112 | 8.17 | 52.16 | 60.33 | OK | |
r-release-macos-arm64 | 0.0.112 | 35.00 | OK | |||
r-release-macos-x86_64 | 0.0.112 | 59.00 | OK | |||
r-release-windows-x86_64 | 0.0.112 | 11.00 | 80.00 | 91.00 | OK | |
r-oldrel-macos-arm64 | 0.0.112 | 37.00 | OK | |||
r-oldrel-macos-x86_64 | 0.0.112 | 59.00 | OK | |||
r-oldrel-windows-x86_64 | 0.0.112 | 17.00 | 83.00 | 100.00 | OK |
Version: 0.0.112
Check: dependencies in R code
Result: NOTE
Namespace in Imports field not imported from: ‘rnaturalearthdata’
All declared Imports should be used.
Flavors: r-devel-linux-x86_64-fedora-clang, r-devel-linux-x86_64-fedora-gcc
Version: 0.0.112
Check: data for non-ASCII characters
Result: NOTE
Note: found 1191 marked UTF-8 strings
Flavors: r-devel-linux-x86_64-fedora-clang, r-devel-linux-x86_64-fedora-gcc