Last updated on 2024-08-18 04:48:12 CEST.
Flavor | Version | Tinstall | Tcheck | Ttotal | Status | Flags |
---|---|---|---|---|---|---|
r-devel-linux-x86_64-debian-clang | 0.5-2 | 32.63 | 189.24 | 221.87 | OK | |
r-devel-linux-x86_64-debian-gcc | 0.5-2 | 19.17 | 132.71 | 151.88 | OK | |
r-devel-linux-x86_64-fedora-clang | 0.5-2 | 354.71 | NOTE | |||
r-devel-linux-x86_64-fedora-gcc | 0.5-2 | 349.85 | NOTE | |||
r-devel-windows-x86_64 | 0.5-2 | 30.00 | 176.00 | 206.00 | OK | |
r-patched-linux-x86_64 | 0.5-2 | 33.26 | 174.77 | 208.03 | OK | |
r-release-linux-x86_64 | 0.5-2 | 29.15 | 174.23 | 203.38 | OK | |
r-release-macos-arm64 | 0.5-2 | 98.00 | OK | |||
r-release-macos-x86_64 | 0.5-2 | 238.00 | OK | |||
r-release-windows-x86_64 | 0.5-2 | 31.00 | 187.00 | 218.00 | OK | |
r-oldrel-macos-arm64 | 0.5-2 | 110.00 | OK | |||
r-oldrel-macos-x86_64 | 0.5-2 | 217.00 | OK | |||
r-oldrel-windows-x86_64 | 0.5-2 | 42.00 | 213.00 | 255.00 | OK |
Version: 0.5-2
Check: dependencies in R code
Result: NOTE
Namespaces in Imports field not imported from:
‘DiceKriging’ ‘rgenoud’
All declared Imports should be used.
Flavors: r-devel-linux-x86_64-fedora-clang, r-devel-linux-x86_64-fedora-gcc