Last updated on 2024-08-17 05:49:23 CEST.
Flavor | Version | Tinstall | Tcheck | Ttotal | Status | Flags |
---|---|---|---|---|---|---|
r-devel-linux-x86_64-debian-clang | 0.5-1 | 2.17 | 42.30 | 44.47 | NOTE | |
r-devel-linux-x86_64-debian-gcc | 0.5-1 | 1.78 | 29.36 | 31.14 | NOTE | |
r-devel-linux-x86_64-fedora-clang | 0.5-1 | 70.22 | NOTE | |||
r-devel-linux-x86_64-fedora-gcc | 0.5-1 | 66.97 | NOTE | |||
r-devel-windows-x86_64 | 0.5-1 | 3.00 | 62.00 | 65.00 | NOTE | |
r-patched-linux-x86_64 | 0.5-1 | 2.46 | 38.91 | 41.37 | NOTE | |
r-release-linux-x86_64 | 0.5-1 | 1.96 | 39.74 | 41.70 | NOTE | |
r-release-macos-arm64 | 0.5-1 | 24.00 | NOTE | |||
r-release-macos-x86_64 | 0.5-1 | 37.00 | NOTE | |||
r-release-windows-x86_64 | 0.5-1 | 5.00 | 62.00 | 67.00 | NOTE | |
r-oldrel-macos-arm64 | 0.5-1 | 27.00 | OK | |||
r-oldrel-macos-x86_64 | 0.5-1 | 39.00 | OK | |||
r-oldrel-windows-x86_64 | 0.5-1 | 4.00 | 69.00 | 73.00 | OK |
Version: 0.5-1
Check: Rd files
Result: NOTE
checkRd: (-1) NEWS.Rd:16: Lost braces; missing escapes or markup?
16 | \item Now \code{AICc == Inf} when {n <= p + 1}.
| ^
Flavors: r-devel-linux-x86_64-debian-clang, r-devel-linux-x86_64-debian-gcc, r-devel-linux-x86_64-fedora-clang, r-devel-linux-x86_64-fedora-gcc, r-devel-windows-x86_64, r-patched-linux-x86_64, r-release-linux-x86_64, r-release-macos-arm64, r-release-macos-x86_64, r-release-windows-x86_64