Last updated on 2024-07-18 04:50:15 CEST.
Flavor | Version | Tinstall | Tcheck | Ttotal | Status | Flags |
---|---|---|---|---|---|---|
r-devel-linux-x86_64-debian-clang | 0.6.0 | 17.89 | 309.41 | 327.30 | OK | |
r-devel-linux-x86_64-debian-gcc | 0.6.0 | 13.91 | 217.43 | 231.34 | OK | |
r-devel-linux-x86_64-fedora-clang | 0.6.0 | 387.52 | NOTE | |||
r-devel-linux-x86_64-fedora-gcc | 0.6.0 | 362.01 | OK | |||
r-devel-windows-x86_64 | 0.6.0 | 16.00 | 235.00 | 251.00 | NOTE | |
r-patched-linux-x86_64 | 0.6.0 | 26.08 | 284.39 | 310.47 | OK | |
r-release-linux-x86_64 | 0.6.0 | 15.49 | 283.85 | 299.34 | OK | |
r-release-macos-arm64 | 0.6.0 | 93.00 | OK | |||
r-release-macos-x86_64 | 0.6.0 | 145.00 | OK | |||
r-release-windows-x86_64 | 0.6.0 | 17.00 | 232.00 | 249.00 | OK | |
r-oldrel-macos-arm64 | 0.6.0 | 119.00 | OK | |||
r-oldrel-macos-x86_64 | 0.6.0 | 194.00 | OK | |||
r-oldrel-windows-x86_64 | 0.6.0 | 21.00 | 301.00 | 322.00 | OK |
Version: 0.6.0
Check: Rd cross-references
Result: NOTE
Undeclared package ‘car’ in Rd xrefs
Flavor: r-devel-linux-x86_64-fedora-clang
Version: 0.6.0
Check: Rd cross-references
Result: NOTE
Found the following Rd file(s) with Rd \link{} targets missing package
anchors:
geom_bracket.Rd: layer
geom_pwc.Rd: layer
Please provide package anchors for all Rd \link{} targets not in the
package itself and the base packages.
Flavor: r-devel-windows-x86_64