CRAN Package Check Results for Package ggplotlyExtra

Last updated on 2025-02-11 03:50:10 CET.

Flavor Version Tinstall Tcheck Ttotal Status Flags
r-devel-linux-x86_64-debian-clang 0.0.1 4.60 40.62 45.22 NOTE
r-devel-linux-x86_64-debian-gcc 0.0.1 3.86 29.42 33.28 NOTE
r-devel-linux-x86_64-fedora-clang 0.0.1 73.03 OK
r-devel-linux-x86_64-fedora-gcc 0.0.1 66.52 OK
r-devel-windows-x86_64 0.0.1 6.00 57.00 63.00 NOTE
r-patched-linux-x86_64 0.0.1 10.09 37.09 47.18 NOTE
r-release-linux-x86_64 0.0.1 5.17 37.26 42.43 NOTE
r-release-macos-arm64 0.0.1 25.00 NOTE
r-release-macos-x86_64 0.0.1 35.00 NOTE
r-release-windows-x86_64 0.0.1 6.00 57.00 63.00 NOTE
r-oldrel-macos-arm64 0.0.1 25.00 NOTE
r-oldrel-macos-x86_64 0.0.1 36.00 NOTE
r-oldrel-windows-x86_64 0.0.1 9.00 63.00 72.00 NOTE

Check Details

Version: 0.0.1
Check: Rd cross-references
Result: NOTE Found the following Rd file(s) with Rd \link{} targets missing package anchors: ggplotly_histogram.Rd: ggplot, fortify, aes, aes_, layer Please provide package anchors for all Rd \link{} targets not in the package itself and the base packages. Flavors: r-devel-linux-x86_64-debian-clang, r-devel-linux-x86_64-debian-gcc, r-devel-windows-x86_64

Version: 0.0.1
Check: LazyData
Result: NOTE 'LazyData' is specified without a 'data' directory Flavors: r-patched-linux-x86_64, r-release-linux-x86_64, r-release-macos-arm64, r-release-macos-x86_64, r-release-windows-x86_64, r-oldrel-macos-arm64, r-oldrel-macos-x86_64, r-oldrel-windows-x86_64