Last updated on 2024-08-17 05:49:23 CEST.
Flavor | Version | Tinstall | Tcheck | Ttotal | Status | Flags |
---|---|---|---|---|---|---|
r-devel-linux-x86_64-debian-clang | 0.0.1 | 4.73 | 40.54 | 45.27 | NOTE | |
r-devel-linux-x86_64-debian-gcc | 0.0.1 | 3.84 | 30.76 | 34.60 | NOTE | |
r-devel-linux-x86_64-fedora-clang | 0.0.1 | 75.16 | NOTE | |||
r-devel-linux-x86_64-fedora-gcc | 0.0.1 | 68.64 | NOTE | |||
r-devel-windows-x86_64 | 0.0.1 | 6.00 | 60.00 | 66.00 | NOTE | |
r-patched-linux-x86_64 | 0.0.1 | 8.99 | 38.34 | 47.33 | NOTE | |
r-release-linux-x86_64 | 0.0.1 | 3.50 | 38.42 | 41.92 | NOTE | |
r-release-macos-arm64 | 0.0.1 | 25.00 | NOTE | |||
r-release-macos-x86_64 | 0.0.1 | 35.00 | NOTE | |||
r-release-windows-x86_64 | 0.0.1 | 6.00 | 69.00 | 75.00 | NOTE | |
r-oldrel-macos-arm64 | 0.0.1 | 25.00 | NOTE | |||
r-oldrel-macos-x86_64 | 0.0.1 | 36.00 | NOTE | |||
r-oldrel-windows-x86_64 | 0.0.1 | 9.00 | 66.00 | 75.00 | NOTE |
Version: 0.0.1
Check: Rd cross-references
Result: NOTE
Found the following Rd file(s) with Rd \link{} targets missing package
anchors:
ggplotly_histogram.Rd: ggplot, fortify, aes, aes_, layer
Please provide package anchors for all Rd \link{} targets not in the
package itself and the base packages.
Flavors: r-devel-linux-x86_64-debian-clang, r-devel-linux-x86_64-debian-gcc, r-devel-windows-x86_64
Version: 0.0.1
Check: LazyData
Result: NOTE
'LazyData' is specified without a 'data' directory
Flavors: r-devel-linux-x86_64-debian-clang, r-devel-linux-x86_64-debian-gcc, r-devel-linux-x86_64-fedora-clang, r-devel-linux-x86_64-fedora-gcc, r-devel-windows-x86_64, r-patched-linux-x86_64, r-release-linux-x86_64, r-release-macos-arm64, r-release-macos-x86_64, r-release-windows-x86_64, r-oldrel-macos-arm64, r-oldrel-macos-x86_64, r-oldrel-windows-x86_64