Last updated on 2024-08-17 05:49:23 CEST.
Flavor | Version | Tinstall | Tcheck | Ttotal | Status | Flags |
---|---|---|---|---|---|---|
r-devel-linux-x86_64-debian-clang | 0.3.3 | 8.58 | 80.44 | 89.02 | NOTE | |
r-devel-linux-x86_64-debian-gcc | 0.3.3 | 5.52 | 57.91 | 63.43 | NOTE | |
r-devel-linux-x86_64-fedora-clang | 0.3.3 | 145.06 | NOTE | |||
r-devel-linux-x86_64-fedora-gcc | 0.3.3 | 145.72 | NOTE | |||
r-devel-windows-x86_64 | 0.3.3 | 9.00 | 101.00 | 110.00 | NOTE | |
r-patched-linux-x86_64 | 0.3.3 | 7.43 | 74.93 | 82.36 | NOTE | |
r-release-linux-x86_64 | 0.3.3 | 7.56 | 76.52 | 84.08 | NOTE | |
r-release-macos-arm64 | 0.3.3 | 48.00 | NOTE | |||
r-release-macos-x86_64 | 0.3.3 | 78.00 | NOTE | |||
r-release-windows-x86_64 | 0.3.3 | 11.00 | 127.00 | 138.00 | NOTE | |
r-oldrel-macos-arm64 | 0.3.3 | 51.00 | NOTE | |||
r-oldrel-macos-x86_64 | 0.3.3 | 79.00 | NOTE | |||
r-oldrel-windows-x86_64 | 0.3.3 | 12.00 | 115.00 | 127.00 | NOTE |
Version: 0.3.3
Check: dependencies in R code
Result: NOTE
':::' call which should be '::': ‘scales:::censor’
See the note in ?`:::` about the use of this operator.
Unexported object imported by a ':::' call: ‘productplots:::bound’
See the note in ?`:::` about the use of this operator.
Flavors: r-devel-linux-x86_64-debian-clang, r-devel-linux-x86_64-debian-gcc, r-devel-linux-x86_64-fedora-clang, r-devel-linux-x86_64-fedora-gcc, r-devel-windows-x86_64, r-patched-linux-x86_64, r-release-linux-x86_64, r-release-macos-arm64, r-release-macos-x86_64, r-release-windows-x86_64, r-oldrel-macos-arm64, r-oldrel-macos-x86_64, r-oldrel-windows-x86_64