Last updated on 2025-02-04 05:50:19 CET.
Flavor | Version | Tinstall | Tcheck | Ttotal | Status | Flags |
---|---|---|---|---|---|---|
r-devel-linux-x86_64-debian-clang | 0.1.2 | 5.49 | 46.01 | 51.50 | NOTE | |
r-devel-linux-x86_64-debian-gcc | 0.1.2 | 3.82 | 31.93 | 35.75 | NOTE | |
r-devel-linux-x86_64-fedora-clang | 0.1.2 | 80.88 | NOTE | |||
r-devel-linux-x86_64-fedora-gcc | 0.1.2 | 74.73 | NOTE | |||
r-devel-windows-x86_64 | 0.1.2 | 9.00 | 61.00 | 70.00 | NOTE | |
r-patched-linux-x86_64 | 0.1.2 | 4.95 | 42.35 | 47.30 | OK | |
r-release-linux-x86_64 | 0.1.2 | 5.24 | 41.25 | 46.49 | OK | |
r-release-macos-arm64 | 0.1.2 | 29.00 | OK | |||
r-release-macos-x86_64 | 0.1.2 | 49.00 | OK | |||
r-release-windows-x86_64 | 0.1.2 | 9.00 | 61.00 | 70.00 | OK | |
r-oldrel-macos-arm64 | 0.1.2 | 30.00 | OK | |||
r-oldrel-macos-x86_64 | 0.1.2 | 52.00 | OK | |||
r-oldrel-windows-x86_64 | 0.1.2 | 11.00 | 71.00 | 82.00 | OK |
Version: 0.1.2
Check: DESCRIPTION meta-information
Result: NOTE
Missing dependency on R >= 4.1.0 because package code uses the pipe
|> or function shorthand \(...) syntax added in R 4.1.0.
File(s) using such syntax:
‘lib.R’
Flavors: r-devel-linux-x86_64-debian-clang, r-devel-linux-x86_64-debian-gcc, r-devel-linux-x86_64-fedora-clang, r-devel-linux-x86_64-fedora-gcc, r-devel-windows-x86_64