Last updated on 2024-08-17 05:49:23 CEST.
Flavor | Version | Tinstall | Tcheck | Ttotal | Status | Flags |
---|---|---|---|---|---|---|
r-devel-linux-x86_64-debian-clang | 2.2.0 | 25.24 | 92.33 | 117.57 | OK | |
r-devel-linux-x86_64-debian-gcc | 2.2.0 | 20.23 | 65.24 | 85.47 | OK | |
r-devel-linux-x86_64-fedora-clang | 2.2.0 | 189.22 | NOTE | |||
r-devel-linux-x86_64-fedora-gcc | 2.2.0 | 179.56 | NOTE | |||
r-devel-windows-x86_64 | 2.2.0 | 30.00 | 96.00 | 126.00 | OK | |
r-patched-linux-x86_64 | 2.2.0 | 28.99 | 86.16 | 115.15 | OK | |
r-release-linux-x86_64 | 2.2.0 | 26.41 | 85.78 | 112.19 | OK | |
r-release-macos-arm64 | 2.2.0 | 57.00 | OK | |||
r-release-macos-x86_64 | 2.2.0 | 85.00 | OK | |||
r-release-windows-x86_64 | 2.2.0 | 29.00 | 103.00 | 132.00 | OK | |
r-oldrel-macos-arm64 | 2.2.0 | 65.00 | OK | |||
r-oldrel-macos-x86_64 | 2.2.0 | 136.00 | OK | |||
r-oldrel-windows-x86_64 | 2.2.0 | 37.00 | 120.00 | 157.00 | OK |
Version: 2.2.0
Check: data for non-ASCII characters
Result: NOTE
Note: found 1 marked UTF-8 string
Flavors: r-devel-linux-x86_64-fedora-clang, r-devel-linux-x86_64-fedora-gcc