Last updated on 2024-08-17 05:49:23 CEST.
Flavor | Version | Tinstall | Tcheck | Ttotal | Status | Flags |
---|---|---|---|---|---|---|
r-devel-linux-x86_64-debian-clang | 1.0.1 | 5.88 | 157.44 | 163.32 | OK | |
r-devel-linux-x86_64-debian-gcc | 1.0.1 | 4.51 | 108.10 | 112.61 | OK | |
r-devel-linux-x86_64-fedora-clang | 1.0.1 | 263.23 | NOTE | |||
r-devel-linux-x86_64-fedora-gcc | 1.0.1 | 264.13 | OK | |||
r-devel-windows-x86_64 | 1.0.1 | 9.00 | 140.00 | 149.00 | OK | |
r-patched-linux-x86_64 | 1.0.1 | 6.39 | 148.64 | 155.03 | OK | |
r-release-linux-x86_64 | 1.0.1 | 5.63 | 149.86 | 155.49 | OK | |
r-release-macos-arm64 | 1.0.1 | 71.00 | OK | |||
r-release-macos-x86_64 | 1.0.1 | 115.00 | OK | |||
r-release-windows-x86_64 | 1.0.1 | 10.00 | 198.00 | 208.00 | OK | |
r-oldrel-macos-arm64 | 1.0.1 | 78.00 | OK | |||
r-oldrel-macos-x86_64 | 1.0.1 | 125.00 | OK | |||
r-oldrel-windows-x86_64 | 1.0.1 | 11.00 | 181.00 | 192.00 | OK |
Version: 1.0.1
Check: Rd cross-references
Result: NOTE
Undeclared package ‘rlang’ in Rd xrefs
Flavor: r-devel-linux-x86_64-fedora-clang