CRAN Package Check Results for Package gg.gap

Last updated on 2025-02-11 03:50:09 CET.

Flavor Version Tinstall Tcheck Ttotal Status Flags
r-devel-linux-x86_64-debian-clang 1.3 4.59 40.46 45.05 OK
r-devel-linux-x86_64-debian-gcc 1.3 3.22 30.10 33.32 OK
r-devel-linux-x86_64-fedora-clang 1.3 80.77 OK
r-devel-linux-x86_64-fedora-gcc 1.3 65.86 OK
r-devel-windows-x86_64 1.3 7.00 57.00 64.00 OK
r-patched-linux-x86_64 1.3 3.90 37.00 40.90 NOTE
r-release-linux-x86_64 1.3 4.12 37.29 41.41 NOTE
r-release-macos-arm64 1.3 24.00 NOTE
r-release-macos-x86_64 1.3 34.00 NOTE
r-release-windows-x86_64 1.3 7.00 54.00 61.00 NOTE
r-oldrel-macos-arm64 1.3 27.00 NOTE
r-oldrel-macos-x86_64 1.3 34.00 NOTE
r-oldrel-windows-x86_64 1.3 7.00 66.00 73.00 NOTE

Check Details

Version: 1.3
Check: LazyData
Result: NOTE 'LazyData' is specified without a 'data' directory Flavors: r-patched-linux-x86_64, r-release-linux-x86_64, r-release-macos-arm64, r-release-macos-x86_64, r-release-windows-x86_64, r-oldrel-macos-arm64, r-oldrel-macos-x86_64, r-oldrel-windows-x86_64