Last updated on 2024-08-17 05:49:23 CEST.
Flavor | Version | Tinstall | Tcheck | Ttotal | Status | Flags |
---|---|---|---|---|---|---|
r-devel-linux-x86_64-debian-clang | 0.1.12 | 6.96 | 63.55 | 70.51 | OK | |
r-devel-linux-x86_64-debian-gcc | 0.1.12 | 5.09 | 46.82 | 51.91 | OK | |
r-devel-linux-x86_64-fedora-clang | 0.1.12 | 112.20 | NOTE | |||
r-devel-linux-x86_64-fedora-gcc | 0.1.12 | 124.38 | NOTE | |||
r-devel-windows-x86_64 | 0.1.12 | 11.00 | 86.00 | 97.00 | OK | |
r-patched-linux-x86_64 | 0.1.12 | 7.78 | 60.41 | 68.19 | OK | |
r-release-linux-x86_64 | 0.1.12 | 7.06 | 59.76 | 66.82 | OK | |
r-release-macos-arm64 | 0.1.12 | 39.00 | OK | |||
r-release-macos-x86_64 | 0.1.12 | 62.00 | OK | |||
r-release-windows-x86_64 | 0.1.12 | 13.00 | 92.00 | 105.00 | OK | |
r-oldrel-macos-arm64 | 0.1.12 | 38.00 | OK | |||
r-oldrel-macos-x86_64 | 0.1.12 | 61.00 | OK | |||
r-oldrel-windows-x86_64 | 0.1.12 | 14.00 | 98.00 | 112.00 | OK |
Version: 0.1.12
Check: dependencies in R code
Result: NOTE
Namespaces in Imports field not imported from:
‘googlesheets4’ ‘tidyr’
All declared Imports should be used.
Flavors: r-devel-linux-x86_64-fedora-clang, r-devel-linux-x86_64-fedora-gcc