Last updated on 2025-02-10 03:49:18 CET.
Flavor | Version | Tinstall | Tcheck | Ttotal | Status | Flags |
---|---|---|---|---|---|---|
r-devel-linux-x86_64-debian-clang | 1.0.3 | 1.75 | 22.32 | 24.07 | OK | |
r-devel-linux-x86_64-debian-gcc | 1.0.3 | 1.44 | 18.92 | 20.36 | OK | |
r-devel-linux-x86_64-fedora-clang | 1.0.3 | 43.57 | OK | |||
r-devel-linux-x86_64-fedora-gcc | 1.0.3 | 52.80 | OK | |||
r-devel-windows-x86_64 | 1.0.3 | 3.00 | 45.00 | 48.00 | OK | |
r-patched-linux-x86_64 | 1.0.3 | 1.75 | 21.46 | 23.21 | NOTE | |
r-release-linux-x86_64 | 1.0.3 | 1.58 | 21.64 | 23.22 | NOTE | |
r-release-macos-arm64 | 1.0.3 | 23.00 | NOTE | |||
r-release-macos-x86_64 | 1.0.3 | 32.00 | NOTE | |||
r-release-windows-x86_64 | 1.0.3 | 3.00 | 43.00 | 46.00 | NOTE | |
r-oldrel-macos-arm64 | 1.0.3 | 26.00 | NOTE | |||
r-oldrel-macos-x86_64 | 1.0.3 | 33.00 | NOTE | |||
r-oldrel-windows-x86_64 | 1.0.3 | 3.00 | 45.00 | 48.00 | NOTE |
Version: 1.0.3
Check: LazyData
Result: NOTE
'LazyData' is specified without a 'data' directory
Flavors: r-patched-linux-x86_64, r-release-linux-x86_64, r-release-macos-arm64, r-release-macos-x86_64, r-release-windows-x86_64, r-oldrel-macos-arm64, r-oldrel-macos-x86_64, r-oldrel-windows-x86_64