Last updated on 2024-08-18 04:48:12 CEST.
Flavor | Version | Tinstall | Tcheck | Ttotal | Status | Flags |
---|---|---|---|---|---|---|
r-devel-linux-x86_64-debian-clang | 0.3-19 | 25.10 | 219.23 | 244.33 | NOTE | |
r-devel-linux-x86_64-debian-gcc | 0.3-19 | 16.67 | 162.02 | 178.69 | NOTE | |
r-devel-linux-x86_64-fedora-clang | 0.3-19 | 389.57 | OK | |||
r-devel-linux-x86_64-fedora-gcc | 0.3-19 | 388.57 | OK | |||
r-devel-windows-x86_64 | 0.3-19 | 25.00 | 214.00 | 239.00 | NOTE | |
r-patched-linux-x86_64 | 0.3-19 | 31.41 | 208.02 | 239.43 | OK | |
r-release-linux-x86_64 | 0.3-19 | 22.46 | 209.21 | 231.67 | OK | |
r-release-macos-arm64 | 0.3-19 | 114.00 | OK | |||
r-release-macos-x86_64 | 0.3-19 | 178.00 | OK | |||
r-release-windows-x86_64 | 0.3-19 | 26.00 | 219.00 | 245.00 | OK | |
r-oldrel-macos-arm64 | 0.3-19 | 157.00 | OK | |||
r-oldrel-macos-x86_64 | 0.3-19 | 325.00 | OK | |||
r-oldrel-windows-x86_64 | 0.3-19 | 33.00 | 274.00 | 307.00 | OK |
Version: 0.3-19
Check: Rd cross-references
Result: NOTE
Found the following Rd file(s) with Rd \link{} targets missing package
anchors:
lgnpp.Rd: SpatialPolygonsDataFrame
Please provide package anchors for all Rd \link{} targets not in the
package itself and the base packages.
Flavors: r-devel-linux-x86_64-debian-clang, r-devel-linux-x86_64-debian-gcc, r-devel-windows-x86_64