Last updated on 2024-08-18 04:48:12 CEST.
Flavor | Version | Tinstall | Tcheck | Ttotal | Status | Flags |
---|---|---|---|---|---|---|
r-devel-linux-x86_64-debian-clang | 0.2.1 | 25.93 | 384.39 | 410.32 | OK | |
r-devel-linux-x86_64-debian-gcc | 0.2.1 | 18.32 | 244.37 | 262.69 | OK | |
r-devel-linux-x86_64-fedora-clang | 0.2.1 | 664.63 | NOTE | |||
r-devel-linux-x86_64-fedora-gcc | 0.2.1 | 634.06 | NOTE | |||
r-devel-windows-x86_64 | 0.2.1 | 25.00 | 289.00 | 314.00 | OK | |
r-patched-linux-x86_64 | 0.2.1 | 24.01 | 365.68 | 389.69 | OK | |
r-release-linux-x86_64 | 0.2.1 | 23.96 | 364.91 | 388.87 | OK | |
r-release-macos-arm64 | 0.2.1 | 152.00 | OK | |||
r-release-macos-x86_64 | 0.2.1 | 247.00 | OK | |||
r-release-windows-x86_64 | 0.2.1 | 26.00 | 364.00 | 390.00 | OK | |
r-oldrel-macos-arm64 | 0.2.1 | 96.00 | OK | |||
r-oldrel-macos-x86_64 | 0.2.1 | 231.00 | OK | |||
r-oldrel-windows-x86_64 | 0.2.1 | 35.00 | 413.00 | 448.00 | OK |
Version: 0.2.1
Check: data for non-ASCII characters
Result: NOTE
Note: found 646 marked UTF-8 strings
Flavors: r-devel-linux-x86_64-fedora-clang, r-devel-linux-x86_64-fedora-gcc