CRAN Package Check Results for Package genero

Last updated on 2025-02-10 03:49:18 CET.

Flavor Version Tinstall Tcheck Ttotal Status Flags
r-devel-linux-x86_64-debian-clang 0.1.0 2.02 24.16 26.18 NOTE
r-devel-linux-x86_64-debian-gcc 0.1.0 1.77 20.17 21.94 NOTE
r-devel-linux-x86_64-fedora-clang 0.1.0 46.17 NOTE
r-devel-linux-x86_64-fedora-gcc 0.1.0 55.11 NOTE
r-devel-windows-x86_64 0.1.0 5.00 47.00 52.00 NOTE
r-patched-linux-x86_64 0.1.0 2.32 23.42 25.74 NOTE
r-release-linux-x86_64 0.1.0 2.16 23.26 25.42 NOTE
r-release-macos-arm64 0.1.0 24.00 NOTE
r-release-macos-x86_64 0.1.0 35.00 NOTE
r-release-windows-x86_64 0.1.0 4.00 49.00 53.00 NOTE
r-oldrel-macos-arm64 0.1.0 23.00 NOTE
r-oldrel-macos-x86_64 0.1.0 35.00 NOTE
r-oldrel-windows-x86_64 0.1.0 6.00 50.00 56.00 NOTE

Check Details

Version: 0.1.0
Check: package subdirectories
Result: NOTE Problems with news in ‘NEWS.md’: No news entries found. Flavors: r-devel-linux-x86_64-debian-clang, r-devel-linux-x86_64-debian-gcc, r-devel-linux-x86_64-fedora-clang, r-devel-linux-x86_64-fedora-gcc, r-devel-windows-x86_64, r-patched-linux-x86_64, r-release-linux-x86_64, r-release-macos-arm64, r-release-macos-x86_64, r-release-windows-x86_64, r-oldrel-macos-arm64, r-oldrel-macos-x86_64, r-oldrel-windows-x86_64