Last updated on 2025-02-11 03:50:09 CET.
Flavor | Version | Tinstall | Tcheck | Ttotal | Status | Flags |
---|---|---|---|---|---|---|
r-devel-linux-x86_64-debian-clang | 1.0.1 | 5.35 | 36.71 | 42.06 | OK | |
r-devel-linux-x86_64-debian-gcc | 1.0.1 | 4.00 | 27.50 | 31.50 | OK | |
r-devel-linux-x86_64-fedora-clang | 1.0.1 | 69.97 | NOTE | |||
r-devel-linux-x86_64-fedora-gcc | 1.0.1 | 61.58 | NOTE | |||
r-devel-windows-x86_64 | 1.0.1 | 7.00 | 57.00 | 64.00 | OK | |
r-patched-linux-x86_64 | 1.0.1 | 5.37 | 34.76 | 40.13 | NOTE | |
r-release-linux-x86_64 | 1.0.1 | 3.70 | 35.27 | 38.97 | NOTE | |
r-release-macos-arm64 | 1.0.1 | 24.00 | NOTE | |||
r-release-macos-x86_64 | 1.0.1 | 40.00 | NOTE | |||
r-release-windows-x86_64 | 1.0.1 | 9.00 | 56.00 | 65.00 | NOTE | |
r-oldrel-macos-arm64 | 1.0.1 | 27.00 | NOTE | |||
r-oldrel-macos-x86_64 | 1.0.1 | 35.00 | NOTE | |||
r-oldrel-windows-x86_64 | 1.0.1 | 7.00 | 63.00 | 70.00 | NOTE |
Version: 1.0.1
Check: dependencies in R code
Result: NOTE
Namespaces in Imports field not imported from:
‘ggplot2’ ‘pracma’ ‘rlang’
All declared Imports should be used.
Flavors: r-devel-linux-x86_64-fedora-clang, r-devel-linux-x86_64-fedora-gcc
Version: 1.0.1
Check: LazyData
Result: NOTE
'LazyData' is specified without a 'data' directory
Flavors: r-patched-linux-x86_64, r-release-linux-x86_64, r-release-macos-arm64, r-release-macos-x86_64, r-release-windows-x86_64, r-oldrel-macos-arm64, r-oldrel-macos-x86_64, r-oldrel-windows-x86_64