Last updated on 2024-08-17 05:49:22 CEST.
Flavor | Version | Tinstall | Tcheck | Ttotal | Status | Flags |
---|---|---|---|---|---|---|
r-devel-linux-x86_64-debian-clang | 1.3.11 | 35.50 | 54.21 | 89.71 | WARN | |
r-devel-linux-x86_64-debian-gcc | 1.3.11 | 20.76 | 39.77 | 60.53 | NOTE | |
r-devel-linux-x86_64-fedora-clang | 1.3.11 | 152.67 | WARN | |||
r-devel-linux-x86_64-fedora-gcc | 1.3.11 | 162.58 | OK | |||
r-devel-windows-x86_64 | 1.3.11 | 31.00 | 103.00 | 134.00 | NOTE | |
r-patched-linux-x86_64 | 1.3.11 | 30.36 | 52.39 | 82.75 | OK | |
r-release-linux-x86_64 | 1.3.11 | 31.18 | 52.59 | 83.77 | OK | |
r-release-macos-arm64 | 1.3.11 | 47.00 | OK | |||
r-release-macos-x86_64 | 1.3.11 | 95.00 | OK | |||
r-release-windows-x86_64 | 1.3.11 | 38.00 | 103.00 | 141.00 | OK | |
r-oldrel-macos-arm64 | 1.3.11 | 53.00 | OK | |||
r-oldrel-macos-x86_64 | 1.3.11 | 88.00 | OK | |||
r-oldrel-windows-x86_64 | 1.3.11 | 38.00 | 115.00 | 153.00 | OK |
Version: 1.3.11
Check: whether package can be installed
Result: WARN
Found the following significant warnings:
famstr.cc:1:17: warning: using directive refers to implicitly-defined namespace 'std'
../inst/include/tntsupp.h:4:17: warning: using directive refers to implicitly-defined namespace 'std'
geesubs.cc:10:17: warning: using directive refers to implicitly-defined namespace 'std'
inter.cc:1:17: warning: using directive refers to implicitly-defined namespace 'std'
param.cc:1:17: warning: using directive refers to implicitly-defined namespace 'std'
See ‘/home/hornik/tmp/R.check/r-devel-clang/Work/PKGS/geepack.Rcheck/00install.out’ for details.
* used C compiler: ‘Debian clang version 18.1.8 (9)’
* used C++ compiler: ‘Debian clang version 18.1.8 (9)’
Flavor: r-devel-linux-x86_64-debian-clang
Version: 1.3.11
Check: Rd cross-references
Result: NOTE
Found the following Rd file(s) with Rd \link{} targets missing package
anchors:
QIC.Rd: ginv
Please provide package anchors for all Rd \link{} targets not in the
package itself and the base packages.
Flavors: r-devel-linux-x86_64-debian-clang, r-devel-linux-x86_64-debian-gcc, r-devel-windows-x86_64
Version: 1.3.11
Check: whether package can be installed
Result: WARN
Found the following significant warnings:
famstr.cc:1:17: warning: using directive refers to implicitly-defined namespace 'std'
../inst/include/tntsupp.h:4:17: warning: using directive refers to implicitly-defined namespace 'std'
geesubs.cc:10:17: warning: using directive refers to implicitly-defined namespace 'std'
inter.cc:1:17: warning: using directive refers to implicitly-defined namespace 'std'
param.cc:1:17: warning: using directive refers to implicitly-defined namespace 'std'
See ‘/data/gannet/ripley/R/packages/tests-clang/geepack.Rcheck/00install.out’ for details.
* used C compiler: ‘clang version 18.1.8’
* used C++ compiler: ‘clang version 18.1.8’
Flavor: r-devel-linux-x86_64-fedora-clang