Last updated on 2024-08-17 05:49:22 CEST.
Flavor | Version | Tinstall | Tcheck | Ttotal | Status | Flags |
---|---|---|---|---|---|---|
r-devel-linux-x86_64-debian-clang | 1.5.0-9.1 | 3.21 | 1.92 | 5.13 | ERROR | |
r-devel-linux-x86_64-debian-gcc | 1.5.0-9.1 | 25.65 | 181.23 | 206.88 | NOTE | |
r-devel-linux-x86_64-fedora-clang | 1.5.0-9.1 | 528.11 | NOTE | |||
r-devel-linux-x86_64-fedora-gcc | 1.5.0-9.1 | 494.07 | NOTE | |||
r-devel-windows-x86_64 | 1.5.0-9.1 | 51.00 | 236.00 | 287.00 | NOTE | |
r-patched-linux-x86_64 | 1.5.0-9.1 | 33.65 | 261.81 | 295.46 | NOTE | |
r-release-linux-x86_64 | 1.5.0-9.1 | 37.93 | 267.72 | 305.65 | NOTE | |
r-release-macos-arm64 | 1.5.0-9.1 | 112.00 | NOTE | |||
r-release-macos-x86_64 | 1.5.0-9.1 | 185.00 | NOTE | |||
r-release-windows-x86_64 | 1.5.0-9.1 | 52.00 | 251.00 | 303.00 | NOTE | |
r-oldrel-macos-arm64 | 1.5.0-9.1 | 116.00 | NOTE | |||
r-oldrel-macos-x86_64 | 1.5.0-9.1 | 222.00 | NOTE | |||
r-oldrel-windows-x86_64 | 1.5.0-9.1 | 66.00 | 320.00 | 386.00 | NOTE |
Version: 1.5.0-9.1
Check: whether package can be installed
Result: ERROR
Installation failed.
Flavor: r-devel-linux-x86_64-debian-clang
Version: 1.5.0-9.1
Check: C++ specification
Result: NOTE
Specified C++11: please drop specification unless essential
Flavors: r-devel-linux-x86_64-debian-gcc, r-devel-linux-x86_64-fedora-clang, r-devel-linux-x86_64-fedora-gcc, r-devel-windows-x86_64, r-patched-linux-x86_64, r-release-linux-x86_64, r-release-macos-arm64, r-release-macos-x86_64, r-release-windows-x86_64, r-oldrel-macos-arm64, r-oldrel-macos-x86_64, r-oldrel-windows-x86_64
Version: 1.5.0-9.1
Check: installed package size
Result: NOTE
installed size is 5.1Mb
sub-directories of 1Mb or more:
extdata 3.0Mb
Flavor: r-oldrel-windows-x86_64