Last updated on 2025-02-10 03:49:18 CET.
Flavor | Version | Tinstall | Tcheck | Ttotal | Status | Flags |
---|---|---|---|---|---|---|
r-devel-linux-x86_64-debian-clang | 1.0 | 1.93 | 30.71 | 32.64 | NOTE | |
r-devel-linux-x86_64-debian-gcc | 1.0 | 1.69 | 24.39 | 26.08 | NOTE | |
r-devel-linux-x86_64-fedora-clang | 1.0 | 49.45 | NOTE | |||
r-devel-linux-x86_64-fedora-gcc | 1.0 | 45.89 | NOTE | |||
r-devel-windows-x86_64 | 1.0 | 3.00 | 54.00 | 57.00 | NOTE | |
r-patched-linux-x86_64 | 1.0 | 2.09 | 29.61 | 31.70 | NOTE | |
r-release-linux-x86_64 | 1.0 | 1.98 | 29.88 | 31.86 | NOTE | |
r-release-macos-arm64 | 1.0 | 20.00 | NOTE | |||
r-release-macos-x86_64 | 1.0 | 30.00 | NOTE | |||
r-release-windows-x86_64 | 1.0 | 4.00 | 56.00 | 60.00 | NOTE | |
r-oldrel-macos-arm64 | 1.0 | 21.00 | NOTE | |||
r-oldrel-macos-x86_64 | 1.0 | 30.00 | NOTE | |||
r-oldrel-windows-x86_64 | 1.0 | 3.00 | 55.00 | 58.00 | NOTE |
Version: 1.0
Check: Rd files
Result: NOTE
checkRd: (-1) estprops.Rd:40: Escaped LaTeX specials: \&
Flavors: r-devel-linux-x86_64-debian-clang, r-devel-linux-x86_64-debian-gcc, r-devel-linux-x86_64-fedora-clang, r-devel-linux-x86_64-fedora-gcc, r-devel-windows-x86_64, r-patched-linux-x86_64, r-release-linux-x86_64, r-release-macos-arm64, r-release-macos-x86_64, r-release-windows-x86_64, r-oldrel-macos-arm64, r-oldrel-macos-x86_64, r-oldrel-windows-x86_64