Last updated on 2024-08-17 05:49:22 CEST.
Flavor | Version | Tinstall | Tcheck | Ttotal | Status | Flags |
---|---|---|---|---|---|---|
r-devel-linux-x86_64-debian-clang | 0.4.1 | 7.23 | 85.74 | 92.97 | OK | |
r-devel-linux-x86_64-debian-gcc | 0.4.1 | 4.46 | 58.74 | 63.20 | OK | |
r-devel-linux-x86_64-fedora-clang | 0.4.1 | 154.22 | NOTE | |||
r-devel-linux-x86_64-fedora-gcc | 0.4.1 | 158.21 | OK | |||
r-devel-windows-x86_64 | 0.4.1 | 10.00 | 99.00 | 109.00 | OK | |
r-patched-linux-x86_64 | 0.4.1 | 8.06 | 80.31 | 88.37 | OK | |
r-release-linux-x86_64 | 0.4.1 | 8.01 | 82.07 | 90.08 | OK | |
r-release-macos-arm64 | 0.4.1 | 50.00 | OK | |||
r-release-macos-x86_64 | 0.4.1 | 120.00 | OK | |||
r-release-windows-x86_64 | 0.4.1 | 10.00 | 111.00 | 121.00 | OK | |
r-oldrel-macos-arm64 | 0.4.1 | 57.00 | OK | |||
r-oldrel-macos-x86_64 | 0.4.1 | 123.00 | OK | |||
r-oldrel-windows-x86_64 | 0.4.1 | 11.00 | 124.00 | 135.00 | OK |
Version: 0.4.1
Check: Rd cross-references
Result: NOTE
Undeclared package ‘purrr’ in Rd xrefs
Flavor: r-devel-linux-x86_64-fedora-clang