Last updated on 2024-08-17 05:49:22 CEST.
Flavor | Version | Tinstall | Tcheck | Ttotal | Status | Flags |
---|---|---|---|---|---|---|
r-devel-linux-x86_64-debian-clang | 0.12-1 | 7.10 | 192.43 | 199.53 | OK | |
r-devel-linux-x86_64-debian-gcc | 0.12-1 | 6.17 | 127.03 | 133.20 | OK | |
r-devel-linux-x86_64-fedora-clang | 0.12-1 | 341.71 | NOTE | |||
r-devel-linux-x86_64-fedora-gcc | 0.12-1 | 334.01 | OK | |||
r-devel-windows-x86_64 | 0.12-1 | 10.00 | 196.00 | 206.00 | OK | |
r-patched-linux-x86_64 | 0.12-1 | 10.55 | 177.07 | 187.62 | OK | |
r-release-linux-x86_64 | 0.12-1 | 8.19 | 180.95 | 189.14 | OK | |
r-release-macos-arm64 | 0.12-1 | 115.00 | OK | |||
r-release-macos-x86_64 | 0.12-1 | 305.00 | OK | |||
r-release-windows-x86_64 | 0.12-1 | 10.00 | 217.00 | 227.00 | OK | |
r-oldrel-macos-arm64 | 0.12-1 | 122.00 | OK | |||
r-oldrel-macos-x86_64 | 0.12-1 | 313.00 | OK | |||
r-oldrel-windows-x86_64 | 0.12-1 | 12.00 | 242.00 | 254.00 | OK |
Version: 0.12-1
Check: Rd cross-references
Result: NOTE
Undeclared package ‘mfdb’ in Rd xrefs
Flavor: r-devel-linux-x86_64-fedora-clang