Last updated on 2024-08-18 04:48:13 CEST.
Flavor | Version | Tinstall | Tcheck | Ttotal | Status | Flags |
---|---|---|---|---|---|---|
r-devel-linux-x86_64-debian-clang | 0.3.3 | 96.12 | 240.78 | 336.90 | OK | |
r-devel-linux-x86_64-debian-gcc | 0.3.3 | 65.56 | 157.93 | 223.49 | OK | |
r-devel-linux-x86_64-fedora-clang | 0.3.3 | 576.57 | OK | |||
r-devel-linux-x86_64-fedora-gcc | 0.3.3 | 581.05 | OK | |||
r-devel-windows-x86_64 | 0.3.3 | 103.00 | 235.00 | 338.00 | NOTE | |
r-patched-linux-x86_64 | 0.3.3 | 89.65 | 220.20 | 309.85 | OK | |
r-release-linux-x86_64 | 0.3.3 | 95.94 | 220.87 | 316.81 | OK | |
r-release-macos-arm64 | 0.3.3 | 138.00 | NOTE | |||
r-release-macos-x86_64 | 0.3.3 | 341.00 | NOTE | |||
r-release-windows-x86_64 | 0.3.3 | 101.00 | 242.00 | 343.00 | NOTE | |
r-oldrel-macos-arm64 | 0.3.3 | 205.00 | NOTE | |||
r-oldrel-macos-x86_64 | 0.3.3 | 350.00 | NOTE | |||
r-oldrel-windows-x86_64 | 0.3.3 | 127.00 | 303.00 | 430.00 | NOTE |
Version: 0.3.3
Check: installed package size
Result: NOTE
installed size is 5.3Mb
sub-directories of 1Mb or more:
libs 1.3Mb
supplementary_material 3.1Mb
Flavors: r-devel-windows-x86_64, r-release-macos-arm64, r-release-macos-x86_64, r-release-windows-x86_64, r-oldrel-macos-arm64, r-oldrel-macos-x86_64, r-oldrel-windows-x86_64