Last updated on 2024-08-17 05:49:22 CEST.
Flavor | Version | Tinstall | Tcheck | Ttotal | Status | Flags |
---|---|---|---|---|---|---|
r-devel-linux-x86_64-debian-clang | 0.2.1 | 483.69 | 46.78 | 530.47 | OK | |
r-devel-linux-x86_64-debian-gcc | 0.2.1 | 217.72 | 44.35 | 262.07 | OK | |
r-devel-linux-x86_64-fedora-clang | 0.2.1 | 654.08 | NOTE | |||
r-devel-linux-x86_64-fedora-gcc | 0.2.1 | 748.05 | OK | |||
r-devel-windows-x86_64 | 0.2.1 | 227.00 | 122.00 | 349.00 | OK | |
r-patched-linux-x86_64 | 0.2.1 | 313.03 | 56.28 | 369.31 | OK | |
r-release-linux-x86_64 | 0.2.1 | 318.00 | 56.98 | 374.98 | OK | |
r-release-macos-arm64 | 0.2.1 | 123.00 | NOTE | |||
r-release-macos-x86_64 | 0.2.1 | 152.00 | NOTE | |||
r-release-windows-x86_64 | 0.2.1 | 222.00 | 119.00 | 341.00 | OK | |
r-oldrel-macos-arm64 | 0.2.1 | 162.00 | NOTE | |||
r-oldrel-macos-x86_64 | 0.2.1 | 278.00 | NOTE | |||
r-oldrel-windows-x86_64 | 0.2.1 | 199.00 | 129.00 | 328.00 | OK |
Version: 0.2.1
Check: installed package size
Result: NOTE
installed size is 10.0Mb
sub-directories of 1Mb or more:
libs 9.5Mb
Flavors: r-devel-linux-x86_64-fedora-clang, r-release-macos-arm64, r-release-macos-x86_64, r-oldrel-macos-arm64, r-oldrel-macos-x86_64