Last updated on 2024-07-18 04:50:14 CEST.
Flavor | Version | Tinstall | Tcheck | Ttotal | Status | Flags |
---|---|---|---|---|---|---|
r-devel-linux-x86_64-debian-clang | 1.5.2 | 3.37 | 62.39 | 65.76 | OK | |
r-devel-linux-x86_64-debian-gcc | 1.5.2 | 2.43 | 45.58 | 48.01 | OK | |
r-devel-linux-x86_64-fedora-clang | 1.5.2 | 83.83 | OK | |||
r-devel-linux-x86_64-fedora-gcc | 1.5.2 | 88.42 | OK | |||
r-devel-windows-x86_64 | 1.5.2 | 5.00 | 144.00 | 149.00 | NOTE | |
r-patched-linux-x86_64 | 1.5.2 | 3.39 | 56.62 | 60.01 | OK | |
r-release-linux-x86_64 | 1.5.2 | 2.63 | 59.08 | 61.71 | OK | |
r-release-macos-arm64 | 1.5.2 | 110.00 | OK | |||
r-release-macos-x86_64 | 1.5.2 | 150.00 | OK | |||
r-release-windows-x86_64 | 1.5.2 | 5.00 | 144.00 | 149.00 | NOTE | |
r-oldrel-macos-arm64 | 1.5.2 | 111.00 | OK | |||
r-oldrel-macos-x86_64 | 1.5.2 | 122.00 | OK | |||
r-oldrel-windows-x86_64 | 1.5.2 | 5.00 | 151.00 | 156.00 | NOTE |
Version: 1.5.2
Check: package dependencies
Result: NOTE
Package suggested but not available for checking: 'doMC'
Flavors: r-devel-windows-x86_64, r-release-windows-x86_64, r-oldrel-windows-x86_64