CRAN Package Check Results for Package flashlight

Last updated on 2025-02-10 03:49:17 CET.

Flavor Version Tinstall Tcheck Ttotal Status Flags
r-devel-linux-x86_64-debian-clang 0.9.0 6.07 88.93 95.00 NOTE
r-devel-linux-x86_64-debian-gcc 0.9.0 3.72 61.54 65.26 NOTE
r-devel-linux-x86_64-fedora-clang 0.9.0 153.34 NOTE
r-devel-linux-x86_64-fedora-gcc 0.9.0 158.44 NOTE
r-devel-windows-x86_64 0.9.0 10.00 104.00 114.00 NOTE
r-patched-linux-x86_64 0.9.0 6.03 82.64 88.67 NOTE
r-release-linux-x86_64 0.9.0 4.33 83.38 87.71 NOTE
r-release-macos-arm64 0.9.0 47.00 NOTE
r-release-macos-x86_64 0.9.0 101.00 NOTE
r-release-windows-x86_64 0.9.0 10.00 103.00 113.00 NOTE
r-oldrel-macos-arm64 0.9.0 49.00 OK
r-oldrel-macos-x86_64 0.9.0 98.00 OK
r-oldrel-windows-x86_64 0.9.0 9.00 127.00 136.00 OK

Check Details

Version: 0.9.0
Check: Rd files
Result: NOTE checkRd: (-1) flashlight.Rd:53: Lost braces; missing escapes or markup? 53 | like those in package {MetricsWeighted}.} | ^ checkRd: (-1) grouped_stats.Rd:49: Lost braces; missing escapes or markup? 49 | {MetricsWeighted}.} | ^ checkRd: (-1) plot_counts.Rd:45: Lost braces; missing escapes or markup? 45 | Experimental. Uses package {ggpubr} to rearrange the figure. | ^ Flavors: r-devel-linux-x86_64-debian-clang, r-devel-linux-x86_64-debian-gcc, r-devel-linux-x86_64-fedora-clang, r-devel-linux-x86_64-fedora-gcc, r-devel-windows-x86_64, r-patched-linux-x86_64, r-release-linux-x86_64, r-release-macos-arm64, r-release-macos-x86_64, r-release-windows-x86_64