Last updated on 2024-08-17 05:49:22 CEST.
Flavor | Version | Tinstall | Tcheck | Ttotal | Status | Flags |
---|---|---|---|---|---|---|
r-devel-linux-x86_64-debian-clang | 1.2.3 | 7.25 | 62.84 | 70.09 | OK | |
r-devel-linux-x86_64-debian-gcc | 1.2.3 | 5.87 | 48.30 | 54.17 | OK | |
r-devel-linux-x86_64-fedora-clang | 1.2.3 | 117.09 | NOTE | |||
r-devel-linux-x86_64-fedora-gcc | 1.2.3 | 105.49 | NOTE | |||
r-devel-windows-x86_64 | 1.2.3 | 10.00 | 76.00 | 86.00 | OK | |
r-patched-linux-x86_64 | 1.2.3 | 7.94 | 59.46 | 67.40 | OK | |
r-release-linux-x86_64 | 1.2.3 | 6.92 | 59.74 | 66.66 | OK | |
r-release-macos-arm64 | 1.2.3 | 31.00 | OK | |||
r-release-macos-x86_64 | 1.2.3 | 51.00 | OK | |||
r-release-windows-x86_64 | 1.2.3 | 12.00 | 74.00 | 86.00 | OK | |
r-oldrel-macos-arm64 | 1.2.3 | 39.00 | OK | |||
r-oldrel-macos-x86_64 | 1.2.3 | 81.00 | OK | |||
r-oldrel-windows-x86_64 | 1.2.3 | 13.00 | 90.00 | 103.00 | OK |
Version: 1.2.3
Check: dependencies in R code
Result: NOTE
Namespaces in Imports field not imported from:
‘httr’ ‘jsonlite’
All declared Imports should be used.
Flavors: r-devel-linux-x86_64-fedora-clang, r-devel-linux-x86_64-fedora-gcc