Last updated on 2025-02-04 05:50:18 CET.
Flavor | Version | Tinstall | Tcheck | Ttotal | Status | Flags |
---|---|---|---|---|---|---|
r-devel-linux-x86_64-debian-clang | 3.5.7 | 5.21 | 27.19 | 32.40 | NOTE | |
r-devel-linux-x86_64-debian-gcc | 3.5.7 | 3.29 | 21.23 | 24.52 | NOTE | |
r-devel-linux-x86_64-fedora-clang | 3.5.7 | 52.99 | NOTE | |||
r-devel-linux-x86_64-fedora-gcc | 3.5.7 | 48.57 | NOTE | |||
r-devel-windows-x86_64 | 3.5.7 | 8.00 | 53.00 | 61.00 | NOTE | |
r-patched-linux-x86_64 | 3.5.7 | 4.53 | 26.06 | 30.59 | NOTE | |
r-release-linux-x86_64 | 3.5.7 | 4.68 | 25.82 | 30.50 | NOTE | |
r-release-macos-arm64 | 3.5.7 | 20.00 | NOTE | |||
r-release-macos-x86_64 | 3.5.7 | 27.00 | NOTE | |||
r-release-windows-x86_64 | 3.5.7 | 7.00 | 54.00 | 61.00 | NOTE | |
r-oldrel-macos-arm64 | 3.5.7 | 21.00 | NOTE | |||
r-oldrel-macos-x86_64 | 3.5.7 | 28.00 | NOTE | |||
r-oldrel-windows-x86_64 | 3.5.7 | 7.00 | 58.00 | 65.00 | NOTE |
Version: 3.5.7
Check: Rd files
Result: NOTE
checkRd: (-1) bitspec.Rd:8: Escaped LaTeX specials: \&
Flavors: r-devel-linux-x86_64-debian-clang, r-devel-linux-x86_64-debian-gcc, r-devel-linux-x86_64-fedora-clang, r-devel-linux-x86_64-fedora-gcc, r-devel-windows-x86_64, r-patched-linux-x86_64, r-release-linux-x86_64, r-release-macos-arm64, r-release-macos-x86_64, r-release-windows-x86_64, r-oldrel-macos-arm64, r-oldrel-macos-x86_64, r-oldrel-windows-x86_64