Last updated on 2024-08-17 05:49:21 CEST.
Flavor | Version | Tinstall | Tcheck | Ttotal | Status | Flags |
---|---|---|---|---|---|---|
r-devel-linux-x86_64-debian-clang | 1.0.2 | 46.56 | 59.87 | 106.43 | OK | |
r-devel-linux-x86_64-debian-gcc | 1.0.2 | 43.42 | 42.93 | 86.35 | OK | |
r-devel-linux-x86_64-fedora-clang | 1.0.2 | 169.71 | NOTE | |||
r-devel-linux-x86_64-fedora-gcc | 1.0.2 | 161.43 | OK | |||
r-devel-windows-x86_64 | 1.0.2 | 52.00 | 73.00 | 125.00 | NOTE | |
r-patched-linux-x86_64 | 1.0.2 | 45.11 | 56.06 | 101.17 | OK | |
r-release-linux-x86_64 | 1.0.2 | 45.83 | 55.25 | 101.08 | OK | |
r-release-macos-arm64 | 1.0.2 | 66.00 | NOTE | |||
r-release-macos-x86_64 | 1.0.2 | 85.00 | NOTE | |||
r-release-windows-x86_64 | 1.0.2 | 49.00 | 73.00 | 122.00 | NOTE | |
r-oldrel-macos-arm64 | 1.0.2 | 79.00 | NOTE | |||
r-oldrel-macos-x86_64 | 1.0.2 | 106.00 | NOTE | |||
r-oldrel-windows-x86_64 | 1.0.2 | 60.00 | 85.00 | 145.00 | NOTE |
Version: 1.0.2
Check: installed package size
Result: NOTE
installed size is 15.8Mb
sub-directories of 1Mb or more:
data 15.7Mb
Flavors: r-devel-linux-x86_64-fedora-clang, r-devel-windows-x86_64, r-release-macos-arm64, r-release-macos-x86_64, r-release-windows-x86_64, r-oldrel-macos-arm64, r-oldrel-macos-x86_64, r-oldrel-windows-x86_64