Last updated on 2024-08-17 05:49:21 CEST.
Flavor | Version | Tinstall | Tcheck | Ttotal | Status | Flags |
---|---|---|---|---|---|---|
r-devel-linux-x86_64-debian-clang | 0.4.0 | 10.21 | 67.36 | 77.57 | NOTE | |
r-devel-linux-x86_64-debian-gcc | 0.4.0 | 6.46 | 48.66 | 55.12 | NOTE | |
r-devel-linux-x86_64-fedora-clang | 0.4.0 | 126.33 | NOTE | |||
r-devel-linux-x86_64-fedora-gcc | 0.4.0 | 116.50 | NOTE | |||
r-devel-windows-x86_64 | 0.4.0 | 11.00 | 88.00 | 99.00 | NOTE | |
r-patched-linux-x86_64 | 0.4.0 | 10.06 | 62.76 | 72.82 | NOTE | |
r-release-linux-x86_64 | 0.4.0 | 8.02 | 63.57 | 71.59 | NOTE | |
r-release-macos-arm64 | 0.4.0 | 34.00 | NOTE | |||
r-release-macos-x86_64 | 0.4.0 | 67.00 | NOTE | |||
r-release-windows-x86_64 | 0.4.0 | 14.00 | 87.00 | 101.00 | NOTE | |
r-oldrel-macos-arm64 | 0.4.0 | 34.00 | OK | |||
r-oldrel-macos-x86_64 | 0.4.0 | 50.00 | OK | |||
r-oldrel-windows-x86_64 | 0.4.0 | 14.00 | 100.00 | 114.00 | OK |
Version: 0.4.0
Check: Rd files
Result: NOTE
checkRd: (-1) update_nhl_db.Rd:51-53: Lost braces in \itemize; meant \describe ?
checkRd: (-1) update_nhl_db.Rd:54-57: Lost braces in \itemize; meant \describe ?
checkRd: (-1) update_phf_db.Rd:51-53: Lost braces in \itemize; meant \describe ?
checkRd: (-1) update_phf_db.Rd:54-57: Lost braces in \itemize; meant \describe ?
Flavors: r-devel-linux-x86_64-debian-clang, r-devel-linux-x86_64-debian-gcc, r-devel-linux-x86_64-fedora-clang, r-devel-linux-x86_64-fedora-gcc, r-devel-windows-x86_64, r-patched-linux-x86_64, r-release-linux-x86_64, r-release-macos-arm64, r-release-macos-x86_64, r-release-windows-x86_64