Last updated on 2024-08-18 04:48:11 CEST.
Flavor | Version | Tinstall | Tcheck | Ttotal | Status | Flags |
---|---|---|---|---|---|---|
r-devel-linux-x86_64-debian-clang | 1.2.4 | 13.68 | 107.21 | 120.89 | NOTE | |
r-devel-linux-x86_64-debian-gcc | 1.2.4 | 8.63 | 75.46 | 84.09 | NOTE | |
r-devel-linux-x86_64-fedora-clang | 1.2.4 | 196.68 | OK | |||
r-devel-linux-x86_64-fedora-gcc | 1.2.4 | 192.19 | OK | |||
r-devel-windows-x86_64 | 1.2.4 | 18.00 | 135.00 | 153.00 | NOTE | |
r-patched-linux-x86_64 | 1.2.4 | 21.40 | 101.52 | 122.92 | OK | |
r-release-linux-x86_64 | 1.2.4 | 12.01 | 100.92 | 112.93 | OK | |
r-release-macos-arm64 | 1.2.4 | 61.00 | OK | |||
r-release-macos-x86_64 | 1.2.4 | 101.00 | OK | |||
r-release-windows-x86_64 | 1.2.4 | 17.00 | 134.00 | 151.00 | OK | |
r-oldrel-macos-arm64 | 1.2.4 | 64.00 | OK | |||
r-oldrel-macos-x86_64 | 1.2.4 | 167.00 | OK | |||
r-oldrel-windows-x86_64 | 1.2.4 | 25.00 | 163.00 | 188.00 | OK |
Version: 1.2.4
Check: Rd cross-references
Result: NOTE
Found the following Rd file(s) with Rd \link{} targets missing package
anchors:
SSplot.Rd: rand
col.fastR.Rd: trellis.par.set, show.settings
maxLik2.Rd: maxLik
plot.maxLik2.Rd: maxLik
Please provide package anchors for all Rd \link{} targets not in the
package itself and the base packages.
Flavors: r-devel-linux-x86_64-debian-clang, r-devel-linux-x86_64-debian-gcc, r-devel-windows-x86_64