Last updated on 2024-08-17 05:49:21 CEST.
Flavor | Version | Tinstall | Tcheck | Ttotal | Status | Flags |
---|---|---|---|---|---|---|
r-devel-linux-x86_64-debian-clang | 0.4.2 | 15.41 | 173.24 | 188.65 | NOTE | |
r-devel-linux-x86_64-debian-gcc | 0.4.2 | 9.58 | 113.19 | 122.77 | NOTE | |
r-devel-linux-x86_64-fedora-clang | 0.4.2 | 308.13 | OK | |||
r-devel-linux-x86_64-fedora-gcc | 0.4.2 | 297.62 | OK | |||
r-devel-windows-x86_64 | 0.4.2 | 16.00 | 176.00 | 192.00 | NOTE | |
r-patched-linux-x86_64 | 0.4.2 | 22.79 | 160.79 | 183.58 | OK | |
r-release-linux-x86_64 | 0.4.2 | 14.82 | 165.33 | 180.15 | OK | |
r-release-macos-arm64 | 0.4.2 | 83.00 | OK | |||
r-release-macos-x86_64 | 0.4.2 | 209.00 | OK | |||
r-release-windows-x86_64 | 0.4.2 | 18.00 | 171.00 | 189.00 | OK | |
r-oldrel-macos-arm64 | 0.4.2 | 95.00 | OK | |||
r-oldrel-macos-x86_64 | 0.4.2 | 214.00 | OK | |||
r-oldrel-windows-x86_64 | 0.4.2 | 22.00 | 217.00 | 239.00 | OK |
Version: 0.4.2
Check: Rd cross-references
Result: NOTE
Found the following Rd file(s) with Rd \link{} targets missing package
anchors:
mable.Rd: !!, !!!, .data, .env
Please provide package anchors for all Rd \link{} targets not in the
package itself and the base packages.
Flavors: r-devel-linux-x86_64-debian-clang, r-devel-linux-x86_64-debian-gcc, r-devel-windows-x86_64