Last updated on 2025-02-10 03:49:17 CET.
Flavor | Version | Tinstall | Tcheck | Ttotal | Status | Flags |
---|---|---|---|---|---|---|
r-devel-linux-x86_64-debian-clang | 1.2.1 | 8.72 | 65.64 | 74.36 | OK | |
r-devel-linux-x86_64-debian-gcc | 1.2.1 | 6.27 | 50.47 | 56.74 | OK | |
r-devel-linux-x86_64-fedora-clang | 1.2.1 | 125.51 | NOTE | |||
r-devel-linux-x86_64-fedora-gcc | 1.2.1 | 113.71 | NOTE | |||
r-devel-windows-x86_64 | 1.2.1 | 13.00 | 82.00 | 95.00 | OK | |
r-patched-linux-x86_64 | 1.2.1 | 8.81 | 62.46 | 71.27 | OK | |
r-release-linux-x86_64 | 1.2.1 | 8.06 | 62.07 | 70.13 | OK | |
r-release-macos-arm64 | 1.2.1 | 35.00 | OK | |||
r-release-macos-x86_64 | 1.2.1 | 56.00 | OK | |||
r-release-windows-x86_64 | 1.2.1 | 12.00 | 83.00 | 95.00 | OK | |
r-oldrel-macos-arm64 | 1.2.1 | 40.00 | OK | |||
r-oldrel-macos-x86_64 | 1.2.1 | 64.00 | OK | |||
r-oldrel-windows-x86_64 | 1.2.1 | 13.00 | 99.00 | 112.00 | OK |
Version: 1.2.1
Check: compiled code
Result: NOTE
File ‘extremis/libs/extremis.so’:
Found no calls to: ‘R_registerRoutines’, ‘R_useDynamicSymbols’
It is good practice to register native routines and to disable symbol
search.
See ‘Writing portable packages’ in the ‘Writing R Extensions’ manual.
Flavors: r-devel-linux-x86_64-fedora-clang, r-devel-linux-x86_64-fedora-gcc