Last updated on 2025-02-04 05:50:18 CET.
Flavor | Version | Tinstall | Tcheck | Ttotal | Status | Flags |
---|---|---|---|---|---|---|
r-devel-linux-x86_64-debian-clang | 0.1.0 | 4.35 | 37.63 | 41.98 | OK | |
r-devel-linux-x86_64-debian-gcc | 0.1.0 | 3.74 | 27.62 | 31.36 | OK | |
r-devel-linux-x86_64-fedora-clang | 0.1.0 | 72.75 | NOTE | |||
r-devel-linux-x86_64-fedora-gcc | 0.1.0 | 64.79 | NOTE | |||
r-devel-windows-x86_64 | 0.1.0 | 8.00 | 61.00 | 69.00 | OK | |
r-patched-linux-x86_64 | 0.1.0 | 6.00 | 35.50 | 41.50 | OK | |
r-release-linux-x86_64 | 0.1.0 | 4.95 | 34.81 | 39.76 | OK | |
r-release-macos-arm64 | 0.1.0 | 23.00 | OK | |||
r-release-macos-x86_64 | 0.1.0 | 34.00 | OK | |||
r-release-windows-x86_64 | 0.1.0 | 8.00 | 61.00 | 69.00 | OK | |
r-oldrel-macos-arm64 | 0.1.0 | 25.00 | OK | |||
r-oldrel-macos-x86_64 | 0.1.0 | 38.00 | OK | |||
r-oldrel-windows-x86_64 | 0.1.0 | 9.00 | 69.00 | 78.00 | OK |
Version: 0.1.0
Check: dependencies in R code
Result: NOTE
Namespace in Imports field not imported from: ‘tidyverse’
All declared Imports should be used.
Flavors: r-devel-linux-x86_64-fedora-clang, r-devel-linux-x86_64-fedora-gcc