Last updated on 2025-02-04 05:50:18 CET.
Flavor | Version | Tinstall | Tcheck | Ttotal | Status | Flags |
---|---|---|---|---|---|---|
r-devel-linux-x86_64-debian-clang | 0.3.2 | 2.16 | 52.80 | 54.96 | OK | |
r-devel-linux-x86_64-debian-gcc | 0.3.2 | 1.94 | 39.36 | 41.30 | OK | |
r-devel-linux-x86_64-fedora-clang | 0.3.2 | 95.48 | OK | |||
r-devel-linux-x86_64-fedora-gcc | 0.3.2 | 89.76 | OK | |||
r-devel-windows-x86_64 | 0.3.2 | 10.00 | 81.00 | 91.00 | OK | |
r-patched-linux-x86_64 | 0.3.2 | 2.63 | 52.30 | 54.93 | NOTE | |
r-release-linux-x86_64 | 0.3.2 | 2.35 | 51.46 | 53.81 | NOTE | |
r-release-macos-arm64 | 0.3.2 | 34.00 | NOTE | |||
r-release-macos-x86_64 | 0.3.2 | 51.00 | NOTE | |||
r-release-windows-x86_64 | 0.3.2 | 8.00 | 82.00 | 90.00 | NOTE | |
r-oldrel-macos-arm64 | 0.3.2 | 34.00 | NOTE | |||
r-oldrel-macos-x86_64 | 0.3.2 | 50.00 | NOTE | |||
r-oldrel-windows-x86_64 | 0.3.2 | 10.00 | 93.00 | 103.00 | NOTE |
Version: 0.3.2
Check: LazyData
Result: NOTE
'LazyData' is specified without a 'data' directory
Flavors: r-patched-linux-x86_64, r-release-linux-x86_64, r-release-macos-arm64, r-release-macos-x86_64, r-release-windows-x86_64, r-oldrel-macos-arm64, r-oldrel-macos-x86_64, r-oldrel-windows-x86_64
Version: 0.3.2
Check: installed package size
Result: NOTE
installed size is 14.1Mb
sub-directories of 1Mb or more:
exiftool 14.0Mb
Flavors: r-release-macos-arm64, r-release-macos-x86_64, r-release-windows-x86_64, r-oldrel-macos-arm64, r-oldrel-macos-x86_64, r-oldrel-windows-x86_64