Last updated on 2024-08-17 05:49:21 CEST.
Flavor | Version | Tinstall | Tcheck | Ttotal | Status | Flags |
---|---|---|---|---|---|---|
r-devel-linux-x86_64-debian-clang | 0.3 | 4.32 | 30.00 | 34.32 | NOTE | |
r-devel-linux-x86_64-debian-gcc | 0.3 | 2.88 | 21.98 | 24.86 | NOTE | |
r-devel-linux-x86_64-fedora-clang | 0.3 | 53.50 | NOTE | |||
r-devel-linux-x86_64-fedora-gcc | 0.3 | 50.26 | NOTE | |||
r-devel-windows-x86_64 | 0.3 | 5.00 | 47.00 | 52.00 | NOTE | |
r-patched-linux-x86_64 | 0.3 | 7.50 | 27.94 | 35.44 | NOTE | |
r-release-linux-x86_64 | 0.3 | 3.69 | 28.12 | 31.81 | NOTE | |
r-release-macos-arm64 | 0.3 | 19.00 | NOTE | |||
r-release-macos-x86_64 | 0.3 | 28.00 | NOTE | |||
r-release-windows-x86_64 | 0.3 | 6.00 | 48.00 | 54.00 | NOTE | |
r-oldrel-macos-arm64 | 0.3 | 22.00 | NOTE | |||
r-oldrel-macos-x86_64 | 0.3 | 27.00 | NOTE | |||
r-oldrel-windows-x86_64 | 0.3 | 7.00 | 51.00 | 58.00 | NOTE |
Version: 0.3
Check: Rd files
Result: NOTE
checkRd: (-1) exams2sakai.Rd:152: Escaped LaTeX specials: \&
Flavors: r-devel-linux-x86_64-debian-clang, r-devel-linux-x86_64-debian-gcc, r-devel-linux-x86_64-fedora-clang, r-devel-linux-x86_64-fedora-gcc, r-devel-windows-x86_64, r-patched-linux-x86_64, r-release-linux-x86_64, r-release-macos-arm64, r-release-macos-x86_64, r-release-windows-x86_64, r-oldrel-macos-arm64, r-oldrel-macos-x86_64, r-oldrel-windows-x86_64
Version: 0.3
Check: Rd cross-references
Result: NOTE
Found the following Rd file(s) with Rd \link{} targets missing package
anchors:
exams2sakai.Rd: xexams, exams_eval, exams2html
Please provide package anchors for all Rd \link{} targets not in the
package itself and the base packages.
Flavors: r-devel-linux-x86_64-debian-clang, r-devel-linux-x86_64-debian-gcc, r-devel-windows-x86_64
Version: 0.3
Check: Rd cross-references
Result: NOTE
Undeclared package ‘tth’ in Rd xrefs
Flavor: r-devel-linux-x86_64-fedora-clang