Last updated on 2025-02-04 05:50:18 CET.
Flavor | Version | Tinstall | Tcheck | Ttotal | Status | Flags |
---|---|---|---|---|---|---|
r-devel-linux-x86_64-debian-clang | 1.1.0 | 7.92 | 55.86 | 63.78 | NOTE | |
r-devel-linux-x86_64-debian-gcc | 1.2.0 | 6.75 | 39.85 | 46.60 | OK | |
r-devel-linux-x86_64-fedora-clang | 1.2.0 | 110.87 | OK | |||
r-devel-linux-x86_64-fedora-gcc | 1.2.0 | 104.25 | OK | |||
r-devel-windows-x86_64 | 1.2.0 | 14.00 | 81.00 | 95.00 | OK | |
r-patched-linux-x86_64 | 1.1.0 | 10.66 | 52.05 | 62.71 | OK | |
r-release-linux-x86_64 | 1.2.0 | 10.03 | 54.37 | 64.40 | OK | |
r-release-macos-arm64 | 1.2.0 | 33.00 | OK | |||
r-release-macos-x86_64 | 1.2.0 | 63.00 | OK | |||
r-release-windows-x86_64 | 1.2.0 | 12.00 | 81.00 | 93.00 | OK | |
r-oldrel-macos-arm64 | 1.1.0 | 33.00 | NOTE | |||
r-oldrel-macos-x86_64 | 1.1.0 | 69.00 | NOTE | |||
r-oldrel-windows-x86_64 | 1.2.0 | 15.00 | 92.00 | 107.00 | OK |
Version: 1.1.0
Check: DESCRIPTION meta-information
Result: NOTE
Missing dependency on R >= 4.1.0 because package code uses the pipe
|> or function shorthand \(...) syntax added in R 4.1.0.
File(s) using such syntax:
‘ch11BINET.R’
Flavor: r-devel-linux-x86_64-debian-clang
Version: 1.1.0
Check: R code for possible problems
Result: NOTE
CCRR: no visible global function definition for ‘%||%’
ITBiserial: no visible global function definition for ‘%||%’
InterItemAnalysis: no visible global function definition for ‘%||%’
ItemEntropy: no visible global function definition for ‘%||%’
ItemLift: no visible global function definition for ‘%||%’
ItemOdds: no visible global function definition for ‘%||%’
ItemThreshold: no visible global function definition for ‘%||%’
ItemTotalCorr: no visible global function definition for ‘%||%’
JCRR: no visible global function definition for ‘%||%’
JointSampleSize: no visible global function definition for ‘%||%’
MutualInformation: no visible global function definition for ‘%||%’
PhiCoefficient: no visible global function definition for ‘%||%’
TetrachoricCorrelationMatrix: no visible global function definition for
‘%||%’
createBinaryFunction : <anonymous>: no visible global function
definition for ‘%||%’
crr: no visible global function definition for ‘%||%’
nrs: no visible global function definition for ‘%||%’
passage: no visible global function definition for ‘%||%’
percentile: no visible global function definition for ‘%||%’
sscore: no visible global function definition for ‘%||%’
stanine: no visible global function definition for ‘%||%’
Undefined global functions or variables:
%||%
Flavors: r-oldrel-macos-arm64, r-oldrel-macos-x86_64