Last updated on 2024-08-17 05:49:21 CEST.
Flavor | Version | Tinstall | Tcheck | Ttotal | Status | Flags |
---|---|---|---|---|---|---|
r-devel-linux-x86_64-debian-clang | 0.10.0 | 73.72 | 350.03 | 423.75 | NOTE | |
r-devel-linux-x86_64-debian-gcc | 0.10.0 | 52.80 | 232.07 | 284.87 | NOTE | |
r-devel-linux-x86_64-fedora-clang | 0.10.0 | 710.33 | NOTE | |||
r-devel-linux-x86_64-fedora-gcc | 0.10.0 | 680.29 | NOTE | |||
r-devel-windows-x86_64 | 0.10.0 | 79.00 | 330.00 | 409.00 | NOTE | |
r-patched-linux-x86_64 | 0.10.0 | 76.37 | 327.09 | 403.46 | NOTE | |
r-release-linux-x86_64 | 0.10.0 | 73.61 | 330.54 | 404.15 | NOTE | |
r-release-macos-arm64 | 0.10.0 | 190.00 | NOTE | |||
r-release-macos-x86_64 | 0.10.0 | 297.00 | NOTE | |||
r-release-windows-x86_64 | 0.10.0 | 82.00 | 324.00 | 406.00 | NOTE | |
r-oldrel-macos-arm64 | 0.10.0 | 168.00 | NOTE | |||
r-oldrel-macos-x86_64 | 0.10.0 | 530.00 | NOTE | |||
r-oldrel-windows-x86_64 | 0.10.0 | 96.00 | 439.00 | 535.00 | NOTE |
Version: 0.10.0
Check: C++ specification
Result: NOTE
Specified C++14: please drop specification unless essential
Flavors: r-devel-linux-x86_64-debian-clang, r-devel-linux-x86_64-debian-gcc, r-devel-linux-x86_64-fedora-clang, r-devel-linux-x86_64-fedora-gcc, r-devel-windows-x86_64, r-patched-linux-x86_64, r-release-linux-x86_64, r-release-macos-arm64, r-release-macos-x86_64, r-release-windows-x86_64, r-oldrel-macos-arm64, r-oldrel-macos-x86_64, r-oldrel-windows-x86_64
Version: 0.10.0
Check: installed package size
Result: NOTE
installed size is 7.5Mb
sub-directories of 1Mb or more:
libs 6.6Mb
Flavors: r-release-macos-arm64, r-release-macos-x86_64, r-oldrel-macos-arm64, r-oldrel-macos-x86_64