Last updated on 2024-08-17 05:49:21 CEST.
Flavor | Version | Tinstall | Tcheck | Ttotal | Status | Flags |
---|---|---|---|---|---|---|
r-devel-linux-x86_64-debian-clang | 0.0.3 | 28.95 | 246.41 | 275.36 | NOTE | |
r-devel-linux-x86_64-debian-gcc | 0.0.3 | 18.18 | 157.73 | 175.91 | NOTE | |
r-devel-linux-x86_64-fedora-clang | 0.0.3 | 429.57 | NOTE | |||
r-devel-linux-x86_64-fedora-gcc | 0.0.3 | 412.21 | NOTE | |||
r-devel-windows-x86_64 | 0.0.3 | 24.00 | 194.00 | 218.00 | NOTE | |
r-patched-linux-x86_64 | 0.0.3 | 24.73 | 221.72 | 246.45 | NOTE | |
r-release-linux-x86_64 | 0.0.3 | 26.00 | 226.13 | 252.13 | NOTE | |
r-release-macos-arm64 | 0.0.3 | 95.00 | NOTE | |||
r-release-macos-x86_64 | 0.0.3 | 214.00 | NOTE | |||
r-release-windows-x86_64 | 0.0.3 | 25.00 | 193.00 | 218.00 | NOTE | |
r-oldrel-macos-arm64 | 0.0.3 | 96.00 | NOTE | |||
r-oldrel-macos-x86_64 | 0.0.3 | 178.00 | NOTE | |||
r-oldrel-windows-x86_64 | 0.0.3 | 36.00 | 260.00 | 296.00 | NOTE |
Version: 0.0.3
Check: LazyData
Result: NOTE
'LazyData' is specified without a 'data' directory
Flavors: r-devel-linux-x86_64-debian-clang, r-devel-linux-x86_64-debian-gcc, r-devel-linux-x86_64-fedora-clang, r-devel-linux-x86_64-fedora-gcc, r-devel-windows-x86_64, r-patched-linux-x86_64, r-release-linux-x86_64, r-release-macos-arm64, r-release-macos-x86_64, r-release-windows-x86_64, r-oldrel-macos-arm64, r-oldrel-macos-x86_64, r-oldrel-windows-x86_64