Last updated on 2024-08-17 05:49:21 CEST.
Flavor | Version | Tinstall | Tcheck | Ttotal | Status | Flags |
---|---|---|---|---|---|---|
r-devel-linux-x86_64-debian-clang | 0.1.10 | 36.71 | 862.90 | 899.61 | OK | |
r-devel-linux-x86_64-debian-gcc | 0.1.10 | 27.95 | 565.59 | 593.54 | OK | |
r-devel-linux-x86_64-fedora-clang | 0.1.10 | 1436.79 | NOTE | |||
r-devel-linux-x86_64-fedora-gcc | 0.1.10 | 1387.40 | OK | |||
r-devel-windows-x86_64 | 0.1.10 | 32.00 | 805.00 | 837.00 | NOTE | |
r-patched-linux-x86_64 | 0.1.10 | 39.85 | 822.85 | 862.70 | OK | |
r-release-linux-x86_64 | 0.1.10 | 36.94 | 827.88 | 864.82 | OK | |
r-release-macos-arm64 | 0.1.10 | 354.00 | NOTE | |||
r-release-macos-x86_64 | 0.1.10 | 927.00 | NOTE | |||
r-release-windows-x86_64 | 0.1.10 | 31.00 | 793.00 | 824.00 | NOTE | |
r-oldrel-macos-arm64 | 0.1.10 | 491.00 | NOTE | |||
r-oldrel-macos-x86_64 | 0.1.10 | 971.00 | NOTE | |||
r-oldrel-windows-x86_64 | 0.1.10 | 41.00 | 1038.00 | 1079.00 | NOTE |
Version: 0.1.10
Check: installed package size
Result: NOTE
installed size is 14.1Mb
sub-directories of 1Mb or more:
doc 13.3Mb
Flavors: r-devel-linux-x86_64-fedora-clang, r-devel-windows-x86_64, r-release-macos-arm64, r-release-macos-x86_64, r-release-windows-x86_64, r-oldrel-macos-arm64, r-oldrel-macos-x86_64, r-oldrel-windows-x86_64