Last updated on 2024-08-18 04:48:11 CEST.
Flavor | Version | Tinstall | Tcheck | Ttotal | Status | Flags |
---|---|---|---|---|---|---|
r-devel-linux-x86_64-debian-clang | 1.0.0 | 4.65 | 60.72 | 65.37 | OK | |
r-devel-linux-x86_64-debian-gcc | 1.0.0 | 3.25 | 43.61 | 46.86 | OK | |
r-devel-linux-x86_64-fedora-clang | 1.0.0 | 103.79 | NOTE | |||
r-devel-linux-x86_64-fedora-gcc | 1.0.0 | 114.72 | NOTE | |||
r-devel-windows-x86_64 | 1.0.0 | 8.00 | 87.00 | 95.00 | OK | |
r-patched-linux-x86_64 | 1.0.0 | 5.40 | 56.69 | 62.09 | OK | |
r-release-linux-x86_64 | 1.0.0 | 4.52 | 57.79 | 62.31 | OK | |
r-release-macos-arm64 | 1.0.0 | 43.00 | OK | |||
r-release-macos-x86_64 | 1.0.0 | 64.00 | OK | |||
r-release-windows-x86_64 | 1.0.0 | 6.00 | 85.00 | 91.00 | OK | |
r-oldrel-macos-arm64 | 1.0.0 | 41.00 | OK | |||
r-oldrel-macos-x86_64 | 1.0.0 | 131.00 | OK | |||
r-oldrel-windows-x86_64 | 1.0.0 | 8.00 | 93.00 | 101.00 | OK |
Version: 1.0.0
Check: data for non-ASCII characters
Result: NOTE
Note: found 1 marked UTF-8 string
Flavors: r-devel-linux-x86_64-fedora-clang, r-devel-linux-x86_64-fedora-gcc