Last updated on 2024-08-17 05:49:20 CEST.
Flavor | Version | Tinstall | Tcheck | Ttotal | Status | Flags |
---|---|---|---|---|---|---|
r-devel-linux-x86_64-debian-clang | 1.0-9 | 13.44 | 75.91 | 89.35 | OK | |
r-devel-linux-x86_64-debian-gcc | 1.0-9 | 9.61 | 51.44 | 61.05 | OK | |
r-devel-linux-x86_64-fedora-clang | 1.0-9 | 145.32 | OK | |||
r-devel-linux-x86_64-fedora-gcc | 1.0-9 | 136.89 | OK | |||
r-devel-windows-x86_64 | 1.0-9 | 17.00 | 102.00 | 119.00 | OK | |
r-patched-linux-x86_64 | 1.0-9 | 14.33 | 71.44 | 85.77 | OK | |
r-release-linux-x86_64 | 1.0-9 | 13.25 | 72.78 | 86.03 | OK | |
r-release-macos-arm64 | 1.0-9 | 43.00 | OK | |||
r-release-macos-x86_64 | 1.0-9 | 68.00 | OK | |||
r-release-windows-x86_64 | 1.0-9 | 19.00 | 101.00 | 120.00 | OK | |
r-oldrel-macos-arm64 | 1.0-9 | 44.00 | OK | |||
r-oldrel-macos-x86_64 | 1.0-9 | 64.00 | NOTE | |||
r-oldrel-windows-x86_64 | 1.0-9 | 23.00 | 118.00 | 141.00 | OK |
Version: 1.0-9
Check: package dependencies
Result: NOTE
Packages suggested but not available for checking:
'fields', 'lme4', 'rworldmap', 'statnet'
Flavor: r-oldrel-macos-x86_64