CRAN Package Check Results for Package epandist

Last updated on 2025-04-14 04:51:45 CEST.

Flavor Version Tinstall Tcheck Ttotal Status Flags
r-devel-linux-x86_64-debian-clang 1.1.1 1.38 20.95 22.33 OK
r-devel-linux-x86_64-debian-gcc 1.1.1 1.32 17.30 18.62 OK
r-devel-linux-x86_64-fedora-gcc 1.1.1 49.95 OK
r-devel-macos-arm64 1.1.1 23.00 OK
r-devel-macos-x86_64 1.1.1 40.00 OK
r-devel-windows-x86_64 1.1.1 4.00 43.00 47.00 OK
r-patched-linux-x86_64 1.1.1 1.66 20.91 22.57 OK
r-release-linux-x86_64 1.1.1 1.73 20.97 22.70 OK
r-release-macos-arm64 1.1.1 22.00 NOTE
r-release-macos-x86_64 1.1.1 34.00 NOTE
r-release-windows-x86_64 1.1.1 4.00 46.00 50.00 NOTE
r-oldrel-macos-arm64 1.1.1 NOTE
r-oldrel-macos-x86_64 1.1.1 32.00 NOTE
r-oldrel-windows-x86_64 1.1.1 3.00 47.00 50.00 NOTE

Check Details

Version: 1.1.1
Check: LazyData
Result: NOTE 'LazyData' is specified without a 'data' directory Flavors: r-release-macos-arm64, r-release-macos-x86_64, r-release-windows-x86_64, r-oldrel-macos-arm64, r-oldrel-macos-x86_64, r-oldrel-windows-x86_64