Last updated on 2024-08-17 05:49:20 CEST.
Flavor | Version | Tinstall | Tcheck | Ttotal | Status | Flags |
---|---|---|---|---|---|---|
r-devel-linux-x86_64-debian-clang | 2.5.0 | 20.36 | 237.14 | 257.50 | NOTE | |
r-devel-linux-x86_64-debian-gcc | 2.5.0 | 14.14 | 149.20 | 163.34 | NOTE | |
r-devel-linux-x86_64-fedora-clang | 2.5.0 | 414.49 | OK | |||
r-devel-linux-x86_64-fedora-gcc | 2.5.0 | 422.90 | OK | |||
r-devel-windows-x86_64 | 2.5.0 | 24.00 | 258.00 | 282.00 | NOTE | |
r-patched-linux-x86_64 | 2.5.0 | 28.72 | 219.08 | 247.80 | OK | |
r-release-linux-x86_64 | 2.5.0 | 21.49 | 219.60 | 241.09 | OK | |
r-release-macos-arm64 | 2.5.0 | 103.00 | OK | |||
r-release-macos-x86_64 | 2.5.0 | 192.00 | OK | |||
r-release-windows-x86_64 | 2.5.0 | 28.00 | 261.00 | 289.00 | OK | |
r-oldrel-macos-arm64 | 2.5.0 | 101.00 | OK | |||
r-oldrel-macos-x86_64 | 2.5.0 | 237.00 | OK | |||
r-oldrel-windows-x86_64 | 2.5.0 | 35.00 | 316.00 | 351.00 | OK |
Version: 2.5.0
Check: Rd cross-references
Result: NOTE
Found the following Rd file(s) with Rd \link{} targets missing package
anchors:
get_trackdata.Rd: wrasspOutputInfos, tibble
query.Rd: tibble
requery_hier.Rd: tibble
requery_seq.Rd: tibble
serve.Rd: stopAllServers, httpuv
Please provide package anchors for all Rd \link{} targets not in the
package itself and the base packages.
Flavors: r-devel-linux-x86_64-debian-clang, r-devel-linux-x86_64-debian-gcc, r-devel-windows-x86_64