Last updated on 2025-02-04 05:50:18 CET.
Flavor | Version | Tinstall | Tcheck | Ttotal | Status | Flags |
---|---|---|---|---|---|---|
r-devel-linux-x86_64-debian-clang | 0.4.2 | 4.64 | 42.39 | 47.03 | NOTE | |
r-devel-linux-x86_64-debian-gcc | 0.4.2 | 3.02 | 31.50 | 34.52 | NOTE | |
r-devel-linux-x86_64-fedora-clang | 0.4.2 | 77.32 | NOTE | |||
r-devel-linux-x86_64-fedora-gcc | 0.4.2 | 86.29 | NOTE | |||
r-devel-windows-x86_64 | 0.4.2 | 5.00 | 62.00 | 67.00 | NOTE | |
r-patched-linux-x86_64 | 0.4.2 | 3.82 | 39.22 | 43.04 | OK | |
r-release-linux-x86_64 | 0.4.2 | 4.21 | 39.31 | 43.52 | OK | |
r-release-macos-arm64 | 0.4.2 | 34.00 | OK | |||
r-release-macos-x86_64 | 0.4.2 | 46.00 | OK | |||
r-release-windows-x86_64 | 0.4.2 | 6.00 | 60.00 | 66.00 | OK | |
r-oldrel-macos-arm64 | 0.4.2 | 37.00 | OK | |||
r-oldrel-macos-x86_64 | 0.4.2 | 54.00 | OK | |||
r-oldrel-windows-x86_64 | 0.4.2 | 7.00 | 66.00 | 73.00 | OK |
Version: 0.4.2
Check: DESCRIPTION meta-information
Result: NOTE
Missing dependency on R >= 4.1.0 because package code uses the pipe
|> or function shorthand \(...) syntax added in R 4.1.0.
File(s) using such syntax:
‘directory.R’ ‘facets.R’ ‘metadata.R’
Flavors: r-devel-linux-x86_64-debian-clang, r-devel-linux-x86_64-debian-gcc, r-devel-linux-x86_64-fedora-clang, r-devel-linux-x86_64-fedora-gcc, r-devel-windows-x86_64